{"id":10595,"date":"2024-10-09T11:36:53","date_gmt":"2024-10-09T09:36:53","guid":{"rendered":"https:\/\/sfgrs.de\/wordpress\/sfgrs-24\/?page_id=10595"},"modified":"2024-10-21T09:40:59","modified_gmt":"2024-10-21T07:40:59","slug":"fach-religion","status":"publish","type":"page","link":"https:\/\/sfgrs.de\/wordpress\/index.php\/fach-religion\/","title":{"rendered":"Fach &#8211; Religion"},"content":{"rendered":"<div class=\"fusion-fullwidth fullwidth-box fusion-builder-row-1 fusion-flex-container has-pattern-background has-mask-background nonhundred-percent-fullwidth non-hundred-percent-height-scrolling\" style=\"--awb-border-radius-top-left:0px;--awb-border-radius-top-right:0px;--awb-border-radius-bottom-right:0px;--awb-border-radius-bottom-left:0px;--awb-flex-wrap:wrap;\" ><div class=\"fusion-builder-row fusion-row fusion-flex-align-items-flex-start fusion-flex-content-wrap\" style=\"max-width:1456px;margin-left: calc(-4% \/ 2 );margin-right: calc(-4% \/ 2 );\"><div class=\"fusion-layout-column fusion_builder_column fusion-builder-column-0 fusion_builder_column_1_6 1_6 fusion-flex-column\" style=\"--awb-bg-size:cover;--awb-width-large:16.666666666667%;--awb-margin-top-large:0px;--awb-spacing-right-large:11.52%;--awb-margin-bottom-large:20px;--awb-spacing-left-large:11.52%;--awb-width-medium:100%;--awb-order-medium:0;--awb-spacing-right-medium:1.92%;--awb-spacing-left-medium:1.92%;--awb-width-small:100%;--awb-order-small:0;--awb-spacing-right-small:1.92%;--awb-spacing-left-small:1.92%;\"><div class=\"fusion-column-wrapper fusion-column-has-shadow fusion-flex-justify-content-flex-start fusion-content-layout-column\"><\/div><\/div><div class=\"fusion-layout-column fusion_builder_column fusion-builder-column-1 fusion_builder_column_2_3 2_3 fusion-flex-column\" style=\"--awb-bg-size:cover;--awb-width-large:66.666666666667%;--awb-margin-top-large:0px;--awb-spacing-right-large:2.88%;--awb-margin-bottom-large:20px;--awb-spacing-left-large:2.88%;--awb-width-medium:100%;--awb-order-medium:0;--awb-spacing-right-medium:1.92%;--awb-spacing-left-medium:1.92%;--awb-width-small:100%;--awb-order-small:0;--awb-spacing-right-small:1.92%;--awb-spacing-left-small:1.92%;\"><div class=\"fusion-column-wrapper fusion-column-has-shadow fusion-flex-justify-content-flex-start fusion-content-layout-column\"><div class=\"fusion-image-element \" style=\"--awb-aspect-ratio:21 \/ 9;--awb-object-position:49% 73%;--awb-margin-bottom:25px;--awb-caption-title-font-family:var(--h2_typography-font-family);--awb-caption-title-font-weight:var(--h2_typography-font-weight);--awb-caption-title-font-style:var(--h2_typography-font-style);--awb-caption-title-size:var(--h2_typography-font-size);--awb-caption-title-transform:var(--h2_typography-text-transform);--awb-caption-title-line-height:var(--h2_typography-line-height);--awb-caption-title-letter-spacing:var(--h2_typography-letter-spacing);\"><span class=\" fusion-imageframe imageframe-none imageframe-1 hover-type-none has-aspect-ratio\"><img decoding=\"async\" width=\"1024\" height=\"683\" title=\"Gottesdienst 8\" src=\"https:\/\/sfgrs.de\/wordpress\/wp-content\/uploads\/2024\/09\/Gottesdienst-8-1024x683.jpeg\" class=\"img-responsive wp-image-9695 img-with-aspect-ratio\" alt srcset=\"https:\/\/sfgrs.de\/wordpress\/wp-content\/uploads\/2024\/09\/Gottesdienst-8-200x133.jpeg 200w, https:\/\/sfgrs.de\/wordpress\/wp-content\/uploads\/2024\/09\/Gottesdienst-8-400x267.jpeg 400w, https:\/\/sfgrs.de\/wordpress\/wp-content\/uploads\/2024\/09\/Gottesdienst-8-600x400.jpeg 600w, https:\/\/sfgrs.de\/wordpress\/wp-content\/uploads\/2024\/09\/Gottesdienst-8-800x534.jpeg 800w, https:\/\/sfgrs.de\/wordpress\/wp-content\/uploads\/2024\/09\/Gottesdienst-8.jpeg 1151w\" sizes=\"(max-width: 1140px) 100vw, (max-width: 640px) 100vw, 1024px\" \/><\/span><\/div><div class=\"fusion-text fusion-text-1\"><p><a href=\"https:\/\/www.aphorismen.de\/zitat\/133573\">&#8222;Der Weg zu Gott kann niemals am Menschen vorbeif\u00fchren.<\/a>\u201c (Franz von Assisi)<\/p>\n<p>Wir m\u00f6chten Begegnungen zwischen Menschen, mit Gott, innerhalb und unter verschiedenen Religionsgemeinschaften schaffen. Zus\u00e4tzlich zum konfessionellen Unterricht finden deshalb bei uns viele religi\u00f6se Aktionen und Akzente statt. Neben dem w\u00f6chentlichen Gottesdienst der 5. Klassen feiern wir auch Gottesdienste zu verschiedenen Anl\u00e4ssen im Schuljahr. Den Gedenktag des HL. Franziskus begehen wir j\u00e4hrlich mit dem Franziskus- oder Sch\u00f6pfungstag.<\/p>\n<p>Unsere neu gebildeten 7. Klassen erhalten w\u00e4hrend der Gemeinschaftstage am Schuljahresbeginn die Gelegenheit, sich untereinander besser kennen zu lernen. Neben der Erarbeitung gemeinsamer Klassenregeln und -werte geh\u00f6ren neben Spiel und Spa\u00df auch religi\u00f6se Impulse sowie die gemeinsame Gestaltung und Durchf\u00fchrung eines Klassengottesdienstes zum Programm.<\/p>\n<p>Beim sozialen Praktikum setzen sich Sch\u00fclerinnen der 8. Klassen (Realschule) und der 10. Klassen (Gymnasium) bei Begegnungen mit beeintr\u00e4chtigen Menschen auch praktisch mit dem Thema Behinderung auseinander. Beim Rollstuhltraining k\u00f6nnen sie sich selbst in die Lage einer betroffenen Person versetzen.<\/p>\n<p>Zus\u00e4tzlich zum Religionsunterricht bieten die Tage der Orientierung unseren Abiturientinnen die Gelegenheit,\u00a0am Ende ihrer Schulzeit, die gleichzeitig mit einem Neuanfang verbunden ist, im Montanahaus in Bamberg, dem Bildungshaus unseres Ordens, eigenen Glaubensfragen nachzugehen. Auch f\u00fcr die Abschlussklassen der Realschule ist ein\u00a0Tag der Orientierung geplant.<\/p>\n<p>Viele Aktionen finden in enger Zusammenarbeit mit unserem Team der Schulseelsorge statt.<\/p>\n<p>Als\u00a0<a href=\"https:\/\/www.sfgrs.de\/wordpress\/index.php\/st-franziskus\/\">franziskanische Schule<\/a>\u00a0setzen wir religi\u00f6se und karitative Akzente wie zum Beispiel:<\/p>\n<ul>\n<li>W\u00f6chentlicher Gottesdienst der 5. Klassen und Schulgottesdienste mit der ganzen Schulgemeinschaft (am Schuljahresanfang, im Advent, in der Fastenzeit, Abiturgottesdienst\/ Gottesdienst der Abschlussklassen, Gedenktagen, am Schuljahresende)<\/li>\n<li>T\u00e4glicher Morgenimpuls und Impulse im Schulalltag (z.B. in der Fastenzeit, Friedensgebet)<\/li>\n<li>Franziskus- und Sch\u00f6pfungstag<\/li>\n<li>Ausstellungen zu aktuellen Themen (z.B. \u201eProtestanten ohne Protest\u201c)<\/li>\n<li>Spirituelle Exkursionen (z.B. Gemeinschaftstage, Besinnungstage, AG Abenteuer L\/leben: eine Woche unterwegs Richtung Assisi)<\/li>\n<li>Angebote im Schulalltag zum Ankommen (z.B. offene Teestube) und zum Runterkommen (z.B. Pausengebete) in enger Zusammenarbeit mit dem Team der Schulseelsorge<\/li>\n<li>Gespr\u00e4chsangebote im Begegnungsraum (CE06)<\/li>\n<li>Hilfsprojekte zur Unterst\u00fctzung Not leidender Menschen<\/li>\n<li>Sozialpraktikum Compassion<\/li>\n<\/ul>\n<\/div><\/div><\/div><div class=\"fusion-layout-column fusion_builder_column fusion-builder-column-2 fusion_builder_column_1_6 1_6 fusion-flex-column\" style=\"--awb-bg-size:cover;--awb-width-large:16.666666666667%;--awb-margin-top-large:0px;--awb-spacing-right-large:11.52%;--awb-margin-bottom-large:20px;--awb-spacing-left-large:11.52%;--awb-width-medium:100%;--awb-order-medium:0;--awb-spacing-right-medium:1.92%;--awb-spacing-left-medium:1.92%;--awb-width-small:100%;--awb-order-small:0;--awb-spacing-right-small:1.92%;--awb-spacing-left-small:1.92%;\"><div class=\"fusion-column-wrapper fusion-column-has-shadow fusion-flex-justify-content-flex-start fusion-content-layout-column\"><\/div><\/div><\/div><\/div>\n","protected":false},"excerpt":{"rendered":"","protected":false},"author":1,"featured_media":0,"parent":0,"menu_order":0,"comment_status":"closed","ping_status":"closed","template":"","meta":{"footnotes":""},"categories":[44],"tags":[],"class_list":["post-10595","page","type-page","status-publish","hentry","category-sub-faecher"],"_links":{"self":[{"href":"https:\/\/sfgrs.de\/wordpress\/index.php\/wp-json\/wp\/v2\/pages\/10595","targetHints":{"allow":["GET"]}}],"collection":[{"href":"https:\/\/sfgrs.de\/wordpress\/index.php\/wp-json\/wp\/v2\/pages"}],"about":[{"href":"https:\/\/sfgrs.de\/wordpress\/index.php\/wp-json\/wp\/v2\/types\/page"}],"author":[{"embeddable":true,"href":"https:\/\/sfgrs.de\/wordpress\/index.php\/wp-json\/wp\/v2\/users\/1"}],"replies":[{"embeddable":true,"href":"https:\/\/sfgrs.de\/wordpress\/index.php\/wp-json\/wp\/v2\/comments?post=10595"}],"version-history":[{"count":5,"href":"https:\/\/sfgrs.de\/wordpress\/index.php\/wp-json\/wp\/v2\/pages\/10595\/revisions"}],"predecessor-version":[{"id":11058,"href":"https:\/\/sfgrs.de\/wordpress\/index.php\/wp-json\/wp\/v2\/pages\/10595\/revisions\/11058"}],"wp:attachment":[{"href":"https:\/\/sfgrs.de\/wordpress\/index.php\/wp-json\/wp\/v2\/media?parent=10595"}],"wp:term":[{"taxonomy":"category","embeddable":true,"href":"https:\/\/sfgrs.de\/wordpress\/index.php\/wp-json\/wp\/v2\/categories?post=10595"},{"taxonomy":"post_tag","embeddable":true,"href":"https:\/\/sfgrs.de\/wordpress\/index.php\/wp-json\/wp\/v2\/tags?post=10595"}],"curies":[{"name":"wp","href":"https:\/\/api.w.org\/{rel}","templated":true}]}}