{"id":10766,"date":"2024-10-21T09:10:57","date_gmt":"2024-10-21T07:10:57","guid":{"rendered":"https:\/\/sfgrs.de\/wordpress\/sfgrs-24\/?page_id=10766"},"modified":"2024-10-21T10:38:22","modified_gmt":"2024-10-21T08:38:22","slug":"warum-maedchenschule","status":"publish","type":"page","link":"https:\/\/sfgrs.de\/wordpress\/index.php\/warum-maedchenschule\/","title":{"rendered":"Warum M\u00e4dchenschule"},"content":{"rendered":"<div class=\"fusion-fullwidth fullwidth-box fusion-builder-row-1 fusion-flex-container has-pattern-background has-mask-background nonhundred-percent-fullwidth non-hundred-percent-height-scrolling\" style=\"--awb-border-radius-top-left:0px;--awb-border-radius-top-right:0px;--awb-border-radius-bottom-right:0px;--awb-border-radius-bottom-left:0px;--awb-flex-wrap:wrap;\" ><div class=\"fusion-builder-row fusion-row fusion-flex-align-items-flex-start fusion-flex-content-wrap\" style=\"max-width:1456px;margin-left: calc(-4% \/ 2 );margin-right: calc(-4% \/ 2 );\"><div class=\"fusion-layout-column fusion_builder_column fusion-builder-column-0 fusion_builder_column_1_6 1_6 fusion-flex-column\" style=\"--awb-bg-size:cover;--awb-width-large:16.666666666667%;--awb-margin-top-large:0px;--awb-spacing-right-large:11.52%;--awb-margin-bottom-large:20px;--awb-spacing-left-large:11.52%;--awb-width-medium:100%;--awb-order-medium:0;--awb-spacing-right-medium:1.92%;--awb-spacing-left-medium:1.92%;--awb-width-small:100%;--awb-order-small:0;--awb-spacing-right-small:1.92%;--awb-spacing-left-small:1.92%;\"><div class=\"fusion-column-wrapper fusion-column-has-shadow fusion-flex-justify-content-flex-start fusion-content-layout-column\"><\/div><\/div><div class=\"fusion-layout-column fusion_builder_column fusion-builder-column-1 fusion_builder_column_2_3 2_3 fusion-flex-column\" style=\"--awb-bg-size:cover;--awb-width-large:66.666666666667%;--awb-margin-top-large:0px;--awb-spacing-right-large:2.88%;--awb-margin-bottom-large:20px;--awb-spacing-left-large:2.88%;--awb-width-medium:100%;--awb-order-medium:0;--awb-spacing-right-medium:1.92%;--awb-spacing-left-medium:1.92%;--awb-width-small:100%;--awb-order-small:0;--awb-spacing-right-small:1.92%;--awb-spacing-left-small:1.92%;\"><div class=\"fusion-column-wrapper fusion-column-has-shadow fusion-flex-justify-content-flex-start fusion-content-layout-column\"><div class=\"fusion-image-element \" style=\"--awb-aspect-ratio:21 \/ 9;--awb-object-position:49% 49%;--awb-margin-bottom:30px;--awb-caption-title-font-family:var(--h2_typography-font-family);--awb-caption-title-font-weight:var(--h2_typography-font-weight);--awb-caption-title-font-style:var(--h2_typography-font-style);--awb-caption-title-size:var(--h2_typography-font-size);--awb-caption-title-transform:var(--h2_typography-text-transform);--awb-caption-title-line-height:var(--h2_typography-line-height);--awb-caption-title-letter-spacing:var(--h2_typography-letter-spacing);\"><span class=\" fusion-imageframe imageframe-none imageframe-1 hover-type-none has-aspect-ratio\"><img decoding=\"async\" width=\"1024\" height=\"683\" title=\"Austausch 2\" src=\"https:\/\/sfgrs.de\/wordpress\/wp-content\/uploads\/2024\/10\/Austausch-2-1024x683.jpg\" class=\"img-responsive wp-image-11013 img-with-aspect-ratio\" alt srcset=\"https:\/\/sfgrs.de\/wordpress\/wp-content\/uploads\/2024\/10\/Austausch-2-200x133.jpg 200w, https:\/\/sfgrs.de\/wordpress\/wp-content\/uploads\/2024\/10\/Austausch-2-400x267.jpg 400w, https:\/\/sfgrs.de\/wordpress\/wp-content\/uploads\/2024\/10\/Austausch-2-600x400.jpg 600w, https:\/\/sfgrs.de\/wordpress\/wp-content\/uploads\/2024\/10\/Austausch-2-800x534.jpg 800w, https:\/\/sfgrs.de\/wordpress\/wp-content\/uploads\/2024\/10\/Austausch-2.jpg 1151w\" sizes=\"(max-width: 1140px) 100vw, (max-width: 640px) 100vw, 1024px\" \/><\/span><\/div><div class=\"fusion-text fusion-text-1 fusion-text-no-margin\" style=\"--awb-margin-bottom:30px;\"><h3>Warum M\u00e4dchenschule?<\/h3>\n<p>\u201eEs gibt nuuuur M\u00e4dchen bei euch?!?\u201c Solche entsetzten Ausrufe kennen unsere Sch\u00fclerinnen nur zu gut. Und ja, immer mal wieder werden Jungs am SFGRS schmerzlich vermisst.<\/p>\n<p>Dennoch ist es gut, dass M\u00e4dchen hier eine ganze Schule nur f\u00fcr sich haben. Statt sich lautstark durchsetzen zu m\u00fcssen, finden am SFGRS auch ruhigere Sch\u00fclerinnen Geh\u00f6r. Viele M\u00e4dchen f\u00fchlen sich ohne m\u00e4nnliche \u201eKonkurrenz\u201c freier, ihre Meinung zu \u00e4u\u00dfern und mitzudiskutieren. Als Klassen- oder Sch\u00fclersprecherin k\u00f6nnen sie sich in F\u00fchrungsrollen ausprobieren. Dies st\u00e4rkt ihr Selbstbewusstsein und ermutigt, auch im Berufsleben \u201eihre Frau zu stehen\u201c. Bei uns werden M\u00e4dchen ermutigt, f\u00fcr ihre Rechte einzutreten, um sich zu selbstbewussten, kompetenten und engagierten Frauen zu entwickeln. Das Beispiel zahlreicher ehemalige Sch\u00fclerinnen, die heute in Politik, Wissenschaft, Kunst und Forschung wichtige Positionen inne haben, inspiriert und spornt an.<\/p>\n<p>Gerade in MINT-F\u00e4chern k\u00f6nnen Lernende ohne Angst experimentieren, am PC arbeiten oder an mathematischen Wettbewerben teilnehmen, begleitet durch erfahrene Fachkollegen. Ganz nebenbei ist die Frage nach Tampon oder Binde bei uns eine v\u00f6llig allt\u00e4gliche und f\u00fchrt nicht zu nerv\u00f6sem Gekicher. Die Spender f\u00fcr Hygieneartikel geh\u00f6ren daher zu den angenehmen Selbstverst\u00e4ndlichkeiten im Haus &#8211; genau wie funktionierende Smartboards und liebevoll geschm\u00fcckte Schulflure. Ja, wir m\u00f6gen es, wenn es gut riecht und h\u00fcbsch aussieht &#8211; und die B\u00e4nke beim Schulfest k\u00f6nnen wir trotzdem ganz alleine aufstellen.<\/p>\n<\/div><div class=\"fusion-image-carousel fusion-image-carousel-auto fusion-image-carousel-1 fusion-carousel-border\"><div class=\"awb-carousel awb-swiper awb-swiper-carousel\" data-autoplay=\"no\" data-columns=\"3\" data-itemmargin=\"13\" data-itemwidth=\"180\" data-touchscroll=\"no\" data-imagesize=\"auto\" style=\"--awb-columns:3;\"><div class=\"swiper-wrapper awb-image-carousel-wrapper fusion-flex-align-items-center\"><div class=\"swiper-slide\"><div class=\"fusion-carousel-item-wrapper\"><div class=\"fusion-image-wrapper hover-type-none\"><img decoding=\"async\" width=\"2560\" height=\"2098\" src=\"https:\/\/sfgrs.de\/wordpress\/wp-content\/uploads\/2024\/07\/79-Schulfest-2024_L-05835-SQUARE-scaled.jpg\" class=\"attachment-full size-full\" alt=\"\" srcset=\"https:\/\/sfgrs.de\/wordpress\/wp-content\/uploads\/2024\/07\/79-Schulfest-2024_L-05835-SQUARE-200x164.jpg 200w, https:\/\/sfgrs.de\/wordpress\/wp-content\/uploads\/2024\/07\/79-Schulfest-2024_L-05835-SQUARE-400x328.jpg 400w, https:\/\/sfgrs.de\/wordpress\/wp-content\/uploads\/2024\/07\/79-Schulfest-2024_L-05835-SQUARE-600x492.jpg 600w, https:\/\/sfgrs.de\/wordpress\/wp-content\/uploads\/2024\/07\/79-Schulfest-2024_L-05835-SQUARE-800x656.jpg 800w, https:\/\/sfgrs.de\/wordpress\/wp-content\/uploads\/2024\/07\/79-Schulfest-2024_L-05835-SQUARE-1200x984.jpg 1200w, https:\/\/sfgrs.de\/wordpress\/wp-content\/uploads\/2024\/07\/79-Schulfest-2024_L-05835-SQUARE-scaled.jpg 2560w\" sizes=\"(min-width: 2200px) 100vw, (min-width: 960px) 458px, (min-width: 800px) 687px, (min-width: 640px) 800px, \" \/><\/div><\/div><\/div><div class=\"swiper-slide\"><div class=\"fusion-carousel-item-wrapper\"><div class=\"fusion-image-wrapper hover-type-none\"><img decoding=\"async\" width=\"1024\" height=\"768\" src=\"https:\/\/sfgrs.de\/wordpress\/wp-content\/uploads\/2023\/07\/St.Franziskus-Gymnasium-Realschule-3.jpg\" class=\"attachment-full size-full\" alt=\"\" srcset=\"https:\/\/sfgrs.de\/wordpress\/wp-content\/uploads\/2023\/07\/St.Franziskus-Gymnasium-Realschule-3-200x150.jpg 200w, https:\/\/sfgrs.de\/wordpress\/wp-content\/uploads\/2023\/07\/St.Franziskus-Gymnasium-Realschule-3-400x300.jpg 400w, https:\/\/sfgrs.de\/wordpress\/wp-content\/uploads\/2023\/07\/St.Franziskus-Gymnasium-Realschule-3-600x450.jpg 600w, https:\/\/sfgrs.de\/wordpress\/wp-content\/uploads\/2023\/07\/St.Franziskus-Gymnasium-Realschule-3-800x600.jpg 800w, https:\/\/sfgrs.de\/wordpress\/wp-content\/uploads\/2023\/07\/St.Franziskus-Gymnasium-Realschule-3.jpg 1024w\" sizes=\"(min-width: 2200px) 100vw, (min-width: 960px) 458px, (min-width: 800px) 687px, (min-width: 640px) 800px, \" \/><\/div><\/div><\/div><div class=\"swiper-slide\"><div class=\"fusion-carousel-item-wrapper\"><div class=\"fusion-image-wrapper hover-type-none\"><img decoding=\"async\" width=\"2560\" height=\"1920\" src=\"https:\/\/sfgrs.de\/wordpress\/wp-content\/uploads\/2023\/11\/IMG_7510-1-scaled.jpg\" class=\"attachment-full size-full\" alt=\"\" srcset=\"https:\/\/sfgrs.de\/wordpress\/wp-content\/uploads\/2023\/11\/IMG_7510-1-200x150.jpg 200w, https:\/\/sfgrs.de\/wordpress\/wp-content\/uploads\/2023\/11\/IMG_7510-1-400x300.jpg 400w, https:\/\/sfgrs.de\/wordpress\/wp-content\/uploads\/2023\/11\/IMG_7510-1-600x450.jpg 600w, https:\/\/sfgrs.de\/wordpress\/wp-content\/uploads\/2023\/11\/IMG_7510-1-800x600.jpg 800w, https:\/\/sfgrs.de\/wordpress\/wp-content\/uploads\/2023\/11\/IMG_7510-1-1200x900.jpg 1200w, https:\/\/sfgrs.de\/wordpress\/wp-content\/uploads\/2023\/11\/IMG_7510-1-scaled.jpg 2560w\" sizes=\"(min-width: 2200px) 100vw, (min-width: 960px) 458px, (min-width: 800px) 687px, (min-width: 640px) 800px, \" \/><\/div><\/div><\/div><\/div><div class=\"awb-swiper-button awb-swiper-button-prev\"><i class=\"awb-icon-angle-left\" aria-hidden=\"true\"><\/i><\/div><div class=\"awb-swiper-button awb-swiper-button-next\"><i class=\"awb-icon-angle-right\" aria-hidden=\"true\"><\/i><\/div><\/div><\/div><\/div><\/div><div class=\"fusion-layout-column fusion_builder_column fusion-builder-column-2 fusion_builder_column_1_6 1_6 fusion-flex-column\" style=\"--awb-bg-size:cover;--awb-width-large:16.666666666667%;--awb-margin-top-large:0px;--awb-spacing-right-large:11.52%;--awb-margin-bottom-large:20px;--awb-spacing-left-large:11.52%;--awb-width-medium:100%;--awb-order-medium:0;--awb-spacing-right-medium:1.92%;--awb-spacing-left-medium:1.92%;--awb-width-small:100%;--awb-order-small:0;--awb-spacing-right-small:1.92%;--awb-spacing-left-small:1.92%;\"><div class=\"fusion-column-wrapper fusion-column-has-shadow fusion-flex-justify-content-flex-start fusion-content-layout-column\"><\/div><\/div><\/div><\/div>\n","protected":false},"excerpt":{"rendered":"","protected":false},"author":13,"featured_media":0,"parent":0,"menu_order":0,"comment_status":"closed","ping_status":"closed","template":"","meta":{"footnotes":""},"categories":[55],"tags":[],"class_list":["post-10766","page","type-page","status-publish","hentry","category-sub-unser-profil"],"_links":{"self":[{"href":"https:\/\/sfgrs.de\/wordpress\/index.php\/wp-json\/wp\/v2\/pages\/10766","targetHints":{"allow":["GET"]}}],"collection":[{"href":"https:\/\/sfgrs.de\/wordpress\/index.php\/wp-json\/wp\/v2\/pages"}],"about":[{"href":"https:\/\/sfgrs.de\/wordpress\/index.php\/wp-json\/wp\/v2\/types\/page"}],"author":[{"embeddable":true,"href":"https:\/\/sfgrs.de\/wordpress\/index.php\/wp-json\/wp\/v2\/users\/13"}],"replies":[{"embeddable":true,"href":"https:\/\/sfgrs.de\/wordpress\/index.php\/wp-json\/wp\/v2\/comments?post=10766"}],"version-history":[{"count":3,"href":"https:\/\/sfgrs.de\/wordpress\/index.php\/wp-json\/wp\/v2\/pages\/10766\/revisions"}],"predecessor-version":[{"id":11079,"href":"https:\/\/sfgrs.de\/wordpress\/index.php\/wp-json\/wp\/v2\/pages\/10766\/revisions\/11079"}],"wp:attachment":[{"href":"https:\/\/sfgrs.de\/wordpress\/index.php\/wp-json\/wp\/v2\/media?parent=10766"}],"wp:term":[{"taxonomy":"category","embeddable":true,"href":"https:\/\/sfgrs.de\/wordpress\/index.php\/wp-json\/wp\/v2\/categories?post=10766"},{"taxonomy":"post_tag","embeddable":true,"href":"https:\/\/sfgrs.de\/wordpress\/index.php\/wp-json\/wp\/v2\/tags?post=10766"}],"curies":[{"name":"wp","href":"https:\/\/api.w.org\/{rel}","templated":true}]}}