{"id":10847,"date":"2024-10-21T09:14:22","date_gmt":"2024-10-21T07:14:22","guid":{"rendered":"https:\/\/sfgrs.de\/wordpress\/sfgrs-24\/?page_id=10847"},"modified":"2024-10-30T11:15:00","modified_gmt":"2024-10-30T10:15:00","slug":"schulkonzerte","status":"publish","type":"page","link":"https:\/\/sfgrs.de\/wordpress\/index.php\/schulkonzerte\/","title":{"rendered":"Schulkonzerte"},"content":{"rendered":"<div class=\"fusion-fullwidth fullwidth-box fusion-builder-row-1 fusion-flex-container has-pattern-background has-mask-background nonhundred-percent-fullwidth non-hundred-percent-height-scrolling\" style=\"--awb-border-radius-top-left:0px;--awb-border-radius-top-right:0px;--awb-border-radius-bottom-right:0px;--awb-border-radius-bottom-left:0px;--awb-flex-wrap:wrap;\" ><div class=\"fusion-builder-row fusion-row fusion-flex-align-items-flex-start fusion-flex-content-wrap\" style=\"max-width:1456px;margin-left: calc(-4% \/ 2 );margin-right: calc(-4% \/ 2 );\"><div class=\"fusion-layout-column fusion_builder_column fusion-builder-column-0 fusion_builder_column_1_6 1_6 fusion-flex-column\" style=\"--awb-bg-size:cover;--awb-width-large:16.666666666667%;--awb-margin-top-large:0px;--awb-spacing-right-large:11.52%;--awb-margin-bottom-large:20px;--awb-spacing-left-large:11.52%;--awb-width-medium:100%;--awb-order-medium:0;--awb-spacing-right-medium:1.92%;--awb-spacing-left-medium:1.92%;--awb-width-small:100%;--awb-order-small:0;--awb-spacing-right-small:1.92%;--awb-spacing-left-small:1.92%;\"><div class=\"fusion-column-wrapper fusion-column-has-shadow fusion-flex-justify-content-flex-start fusion-content-layout-column\"><\/div><\/div><div class=\"fusion-layout-column fusion_builder_column fusion-builder-column-1 fusion_builder_column_2_3 2_3 fusion-flex-column\" style=\"--awb-bg-size:cover;--awb-width-large:66.666666666667%;--awb-margin-top-large:0px;--awb-spacing-right-large:2.88%;--awb-margin-bottom-large:20px;--awb-spacing-left-large:2.88%;--awb-width-medium:100%;--awb-order-medium:0;--awb-spacing-right-medium:1.92%;--awb-spacing-left-medium:1.92%;--awb-width-small:100%;--awb-order-small:0;--awb-spacing-right-small:1.92%;--awb-spacing-left-small:1.92%;\"><div class=\"fusion-column-wrapper fusion-column-has-shadow fusion-flex-justify-content-flex-start fusion-content-layout-column\"><div class=\"fusion-image-element \" style=\"--awb-aspect-ratio:21 \/ 9;--awb-object-position:49% 49%;--awb-margin-bottom:30px;--awb-caption-title-font-family:var(--h2_typography-font-family);--awb-caption-title-font-weight:var(--h2_typography-font-weight);--awb-caption-title-font-style:var(--h2_typography-font-style);--awb-caption-title-size:var(--h2_typography-font-size);--awb-caption-title-transform:var(--h2_typography-text-transform);--awb-caption-title-line-height:var(--h2_typography-line-height);--awb-caption-title-letter-spacing:var(--h2_typography-letter-spacing);\"><span class=\" fusion-imageframe imageframe-none imageframe-1 hover-type-none has-aspect-ratio\"><img decoding=\"async\" width=\"300\" height=\"199\" title=\"Schulkonzerte_Titelbild_Friedensmesse_2015\" src=\"https:\/\/sfgrs.de\/wordpress\/wp-content\/uploads\/2024\/10\/Schulkonzerte_Titelbild_Friedensmesse_2015-300x199.jpg\" class=\"img-responsive wp-image-10853 img-with-aspect-ratio\" alt srcset=\"https:\/\/sfgrs.de\/wordpress\/wp-content\/uploads\/2024\/10\/Schulkonzerte_Titelbild_Friedensmesse_2015-200x133.jpg 200w, https:\/\/sfgrs.de\/wordpress\/wp-content\/uploads\/2024\/10\/Schulkonzerte_Titelbild_Friedensmesse_2015-400x266.jpg 400w, https:\/\/sfgrs.de\/wordpress\/wp-content\/uploads\/2024\/10\/Schulkonzerte_Titelbild_Friedensmesse_2015-600x399.jpg 600w, https:\/\/sfgrs.de\/wordpress\/wp-content\/uploads\/2024\/10\/Schulkonzerte_Titelbild_Friedensmesse_2015-800x532.jpg 800w, https:\/\/sfgrs.de\/wordpress\/wp-content\/uploads\/2024\/10\/Schulkonzerte_Titelbild_Friedensmesse_2015-1200x797.jpg 1200w\" sizes=\"(max-width: 1140px) 100vw, (max-width: 640px) 100vw, 1200px\" \/><\/span><\/div><div class=\"fusion-text fusion-text-1 fusion-text-no-margin\" style=\"--awb-margin-bottom:15px;\"><h3><strong>Konzertleben<\/strong><\/h3>\n<\/div><div class=\"accordian fusion-accordian\" style=\"--awb-border-size:1px;--awb-icon-size:13px;--awb-content-font-size:16px;--awb-icon-alignment:left;--awb-hover-color:#f9f9f9;--awb-border-color:var(--awb-color3);--awb-background-color:#ffffff;--awb-divider-color:var(--awb-color3);--awb-divider-hover-color:var(--awb-color3);--awb-icon-color:#ffffff;--awb-title-color:#5dad24;--awb-content-color:#747474;--awb-icon-box-color:#b8d3b6;--awb-toggle-hover-accent-color:var(--awb-color7);--awb-toggle-active-accent-color:var(--awb-color5);--awb-title-font-family:var(--awb-typography4-font-family);--awb-title-font-weight:var(--awb-typography4-font-weight);--awb-title-font-style:var(--awb-typography4-font-style);--awb-title-font-size:var(--awb-typography4-font-size);--awb-title-letter-spacing:var(--awb-typography4-letter-spacing);--awb-title-line-height:var(--awb-typography4-line-height);--awb-content-font-family:&quot;Raleway&quot;;--awb-content-font-style:normal;--awb-content-font-weight:400;\"><div class=\"panel-group fusion-toggle-icon-boxed\" id=\"accordion-10847-1\"><div class=\"fusion-panel panel-default panel-06d67c2d21aa042e5 fusion-toggle-has-divider\" style=\"--awb-title-color:var(--awb-color5);\"><div class=\"panel-heading\"><h4 class=\"panel-title toggle\" id=\"toggle_06d67c2d21aa042e5\"><a class=\"active\" aria-expanded=\"true\" aria-controls=\"06d67c2d21aa042e5\" role=\"button\" data-toggle=\"collapse\" data-parent=\"#accordion-10847-1\" data-target=\"#06d67c2d21aa042e5\" href=\"#06d67c2d21aa042e5\"><span class=\"fusion-toggle-icon-wrapper\" aria-hidden=\"true\"><i class=\"fa-fusion-box active-icon awb-icon-minus\" aria-hidden=\"true\"><\/i><i class=\"fa-fusion-box inactive-icon awb-icon-plus\" aria-hidden=\"true\"><\/i><\/span><span class=\"fusion-toggle-heading\">Drei Konzerte im Schuljahr<\/span><\/a><\/h4><\/div><div id=\"06d67c2d21aa042e5\" class=\"panel-collapse collapse in\" aria-labelledby=\"toggle_06d67c2d21aa042e5\"><div class=\"panel-body toggle-content fusion-clearfix\">\n<p>Das erste Ziel des Schuljahres, auf das die Sch\u00fclerinnen und Musiklehrkr\u00e4fte hinarbeiten, ist das <strong>vorweihnachtliche Konzert<\/strong>: Die frohe Botschaft von Weihnachten kommt hier musikalisch zum Ausdruck und stimmt somit alle Mitwirkenden und Zuh\u00f6renden auf das bevorstehende Fest ein.<\/p>\n<p>Ein musikalisches Zeichen <strong>zum Beginn des 2. Schulhalbjahres<\/strong> setzen Gro\u00dfes Orchester und FELS-Chor (Freunde-Eltern-Lehrer-Sch\u00fclerinnen-Chor) f\u00fcr die gesamte Schulgemeinschaft am ersten Februarwochenende mit ihrer <strong>&#8222;Mittagsmusik&#8220;<\/strong> in der Alten Turnhalle der Schule.<\/p>\n<p>Lange Jahre als &#8222;Marktmusik&#8220; in der Stiftskirche bekannt, ist die &#8222;Mittagsmusik&#8220; auch die Abschlussveranstaltung f\u00fcr die aus dem Orchester scheidenden Abiturientinnen, die an diesem Tag z.T. solistisch zu h\u00f6ren sind.<\/p>\n<p>Ein besonderes Highlight f\u00fcr alle Musikbegeisterten, aktiv und passiv, ist das Erleben des <strong>Sommerkonzertes<\/strong> der Schule am Ende des Schuljahres.<\/p>\n<\/div><\/div><\/div><div class=\"fusion-panel panel-default panel-5884e2e6e727ad14a fusion-toggle-has-divider\" style=\"--awb-title-color:var(--awb-color5);\"><div class=\"panel-heading\"><h4 class=\"panel-title toggle\" id=\"toggle_5884e2e6e727ad14a\"><a aria-expanded=\"false\" aria-controls=\"5884e2e6e727ad14a\" role=\"button\" data-toggle=\"collapse\" data-parent=\"#accordion-10847-1\" data-target=\"#5884e2e6e727ad14a\" href=\"#5884e2e6e727ad14a\"><span class=\"fusion-toggle-icon-wrapper\" aria-hidden=\"true\"><i class=\"fa-fusion-box active-icon awb-icon-minus\" aria-hidden=\"true\"><\/i><i class=\"fa-fusion-box inactive-icon awb-icon-plus\" aria-hidden=\"true\"><\/i><\/span><span class=\"fusion-toggle-heading\">Besondere musikalische Projekte<\/span><\/a><\/h4><\/div><div id=\"5884e2e6e727ad14a\" class=\"panel-collapse collapse \" aria-labelledby=\"toggle_5884e2e6e727ad14a\"><div class=\"panel-body toggle-content fusion-clearfix\">\n<p>Auch <strong>musikalische Gro\u00df-Projekte<\/strong> stehen schon seit Jahrzehnten auf dem Programm der Schule.<\/p>\n<p>Um nur einige Beispiele von vielen zu nennen:<\/p>\n<ul>\n<li>Zur Verabschiedung unserer ehemaligen Schulleiterin Sr. Bernharda Bredel die Urauff\u00fchrung des eigens f\u00fcr sie komponierten <strong>&#8222;Franziskus-Oratoriums&#8220;<\/strong> von <strong>Hanno Haag<\/strong> (2001),<\/li>\n<li>zum 100-j\u00e4hrigen Jubil\u00e4um der Schule <strong>Beethovens &#8222;Chor-Fantasie&#8220;<\/strong> mit einer ehemaligen Sch\u00fclerin als Solistin am Klavier (2007),<\/li>\n<li>anl\u00e4sslich &#8222;70 Jahre Ende zweiter Weltkrieg&#8220; in der Otterberger Abteikirche die <strong>&#8222;Friedensmesse&#8220;<\/strong> von <strong>Karl Jenkins<\/strong> (2015),<\/li>\n<li>zum 111. Geburtstag der Schule und als W\u00fcrdigung unserer ehemaligen Schulleiterin Sr. Wiltrud Frisch neben weiteren Programmpunkten die <strong>&#8222;Missa 4 You(th)&#8220;<\/strong> von <strong>Tjark Baumann<\/strong> (2018)<\/li>\n<li>im Jahr 2019 beim Di\u00f6zesan-Katholikentag auf der Gartenschau die gesamte Musik im Pontifikalamt, u.a. &#8222;Missa 4 You(th)&#8220;,<\/li>\n<li>2024 beim Di\u00f6zesan-Katholikentag in Speyer Ausz\u00fcge aus der <strong>&#8222;Gospelmesse&#8220;<\/strong> von <strong>Kai L\u00fcnnemann<\/strong> zum Mitsingen<\/li>\n<li>und ebenfalls 2024 Mitwirkung des Gro\u00dfen Orchesters bei der <strong>&#8222;Landesbegegnung Schulen musizieren&#8220;<\/strong> in der Fruchthalle.<\/li>\n<\/ul>\n<\/div><\/div><\/div><div class=\"fusion-panel panel-default panel-080a04462ce0e0a93 fusion-toggle-has-divider\" style=\"--awb-title-color:var(--awb-color5);\"><div class=\"panel-heading\"><h4 class=\"panel-title toggle\" id=\"toggle_080a04462ce0e0a93\"><a aria-expanded=\"false\" aria-controls=\"080a04462ce0e0a93\" role=\"button\" data-toggle=\"collapse\" data-parent=\"#accordion-10847-1\" data-target=\"#080a04462ce0e0a93\" href=\"#080a04462ce0e0a93\"><span class=\"fusion-toggle-icon-wrapper\" aria-hidden=\"true\"><i class=\"fa-fusion-box active-icon awb-icon-minus\" aria-hidden=\"true\"><\/i><i class=\"fa-fusion-box inactive-icon awb-icon-plus\" aria-hidden=\"true\"><\/i><\/span><span class=\"fusion-toggle-heading\">Musikalische Umrahmungen im Schulalltag<\/span><\/a><\/h4><\/div><div id=\"080a04462ce0e0a93\" class=\"panel-collapse collapse \" aria-labelledby=\"toggle_080a04462ce0e0a93\"><div class=\"panel-body toggle-content fusion-clearfix\">\n<p>Neben den Konzerten sind die musikalische Ausgestaltung von <strong>Schulgottesdiensten <\/strong>sowie die musikalische Umrahmung von Schulfeierlichkeiten, wie der <strong>Abitur- und Realschulabschlussfeier<\/strong> oder des <strong>Ehemaligentages<\/strong>, fester Bestandteil im musischen Leben an St.-Franziskus-Gymnasium und -Realschule.<\/p>\n<\/div><\/div><\/div><div class=\"fusion-panel panel-default panel-c40a66c5e3e6bbc2c fusion-toggle-has-divider\" style=\"--awb-title-color:var(--awb-color5);\"><div class=\"panel-heading\"><h4 class=\"panel-title toggle\" id=\"toggle_c40a66c5e3e6bbc2c\"><a aria-expanded=\"false\" aria-controls=\"c40a66c5e3e6bbc2c\" role=\"button\" data-toggle=\"collapse\" data-parent=\"#accordion-10847-1\" data-target=\"#c40a66c5e3e6bbc2c\" href=\"#c40a66c5e3e6bbc2c\"><span class=\"fusion-toggle-icon-wrapper\" aria-hidden=\"true\"><i class=\"fa-fusion-box active-icon awb-icon-minus\" aria-hidden=\"true\"><\/i><i class=\"fa-fusion-box inactive-icon awb-icon-plus\" aria-hidden=\"true\"><\/i><\/span><span class=\"fusion-toggle-heading\">Das Ehemaligenorchester<\/span><\/a><\/h4><\/div><div id=\"c40a66c5e3e6bbc2c\" class=\"panel-collapse collapse \" aria-labelledby=\"toggle_c40a66c5e3e6bbc2c\"><div class=\"panel-body toggle-content fusion-clearfix\">\n<p>Der Tag der Ehemaligen bietet sich an, ehemalige Sch\u00fclerinnen aus dem Gro\u00dfen Orchester zu einem Ehemaligenorchester zu formieren.<\/p>\n<p>2018 und 2023 trafen sich jeweils rund 40 ehemalige Orchestermitglieder zu Proben und Konzert mit der ehemaligen Leiterin des Gro\u00dfen Orchesters Brigitte Gemmecker-Gropp. Mitglieder aus den Jahrg\u00e4ngen 1979 bis heute, von der Ostsee \u00fcber Berlin bis Bayern und nat\u00fcrlich aus der Pfalz, waren vertreten.<\/p>\n<p>Ein frohes Wiedersehen, das nach Wiederholung ruft!<\/p>\n<\/div><\/div><\/div><\/div><\/div><div class=\"fusion-image-carousel fusion-image-carousel-auto fusion-image-carousel-1 fusion-carousel-border\"><div class=\"awb-carousel awb-swiper awb-swiper-carousel\" data-autoplay=\"no\" data-columns=\"2\" data-itemmargin=\"13\" data-itemwidth=\"180\" data-touchscroll=\"no\" data-imagesize=\"auto\" style=\"--awb-columns:2;\"><div class=\"swiper-wrapper awb-image-carousel-wrapper fusion-flex-align-items-center\"><div class=\"swiper-slide\"><div class=\"fusion-carousel-item-wrapper\"><div class=\"fusion-image-wrapper hover-type-none\"><img decoding=\"async\" width=\"2560\" height=\"1920\" src=\"https:\/\/sfgrs.de\/wordpress\/wp-content\/uploads\/2024\/10\/02_Mittagsmusik-2023_Grosses-Orchester-und-FELS-Chor-scaled.jpg\" class=\"attachment-full size-full\" alt=\"\" srcset=\"https:\/\/sfgrs.de\/wordpress\/wp-content\/uploads\/2024\/10\/02_Mittagsmusik-2023_Grosses-Orchester-und-FELS-Chor-200x150.jpg 200w, https:\/\/sfgrs.de\/wordpress\/wp-content\/uploads\/2024\/10\/02_Mittagsmusik-2023_Grosses-Orchester-und-FELS-Chor-400x300.jpg 400w, https:\/\/sfgrs.de\/wordpress\/wp-content\/uploads\/2024\/10\/02_Mittagsmusik-2023_Grosses-Orchester-und-FELS-Chor-600x450.jpg 600w, https:\/\/sfgrs.de\/wordpress\/wp-content\/uploads\/2024\/10\/02_Mittagsmusik-2023_Grosses-Orchester-und-FELS-Chor-800x600.jpg 800w, https:\/\/sfgrs.de\/wordpress\/wp-content\/uploads\/2024\/10\/02_Mittagsmusik-2023_Grosses-Orchester-und-FELS-Chor-1200x900.jpg 1200w, https:\/\/sfgrs.de\/wordpress\/wp-content\/uploads\/2024\/10\/02_Mittagsmusik-2023_Grosses-Orchester-und-FELS-Chor-scaled.jpg 2560w\" sizes=\"(min-width: 2200px) 100vw, (min-width: 800px) 694px, (min-width: 640px) 800px, \" \/><\/div><\/div><\/div><div class=\"swiper-slide\"><div class=\"fusion-carousel-item-wrapper\"><div class=\"fusion-image-wrapper hover-type-none\"><img decoding=\"async\" width=\"1920\" height=\"1080\" src=\"https:\/\/sfgrs.de\/wordpress\/wp-content\/uploads\/2024\/10\/01_Adventskonzert-2023_Orientierungsstufenchor-und-AGAM.jpg\" class=\"attachment-full size-full\" alt=\"\" srcset=\"https:\/\/sfgrs.de\/wordpress\/wp-content\/uploads\/2024\/10\/01_Adventskonzert-2023_Orientierungsstufenchor-und-AGAM-200x113.jpg 200w, https:\/\/sfgrs.de\/wordpress\/wp-content\/uploads\/2024\/10\/01_Adventskonzert-2023_Orientierungsstufenchor-und-AGAM-400x225.jpg 400w, https:\/\/sfgrs.de\/wordpress\/wp-content\/uploads\/2024\/10\/01_Adventskonzert-2023_Orientierungsstufenchor-und-AGAM-600x338.jpg 600w, https:\/\/sfgrs.de\/wordpress\/wp-content\/uploads\/2024\/10\/01_Adventskonzert-2023_Orientierungsstufenchor-und-AGAM-800x450.jpg 800w, https:\/\/sfgrs.de\/wordpress\/wp-content\/uploads\/2024\/10\/01_Adventskonzert-2023_Orientierungsstufenchor-und-AGAM-1200x675.jpg 1200w, https:\/\/sfgrs.de\/wordpress\/wp-content\/uploads\/2024\/10\/01_Adventskonzert-2023_Orientierungsstufenchor-und-AGAM.jpg 1920w\" sizes=\"(min-width: 2200px) 100vw, (min-width: 800px) 694px, (min-width: 640px) 800px, \" \/><\/div><\/div><\/div><div class=\"swiper-slide\"><div class=\"fusion-carousel-item-wrapper\"><div class=\"fusion-image-wrapper hover-type-none\"><img decoding=\"async\" width=\"1920\" height=\"1080\" src=\"https:\/\/sfgrs.de\/wordpress\/wp-content\/uploads\/2024\/10\/03_Sommerkonzert-2024_Instrumentalkreis.jpg\" class=\"attachment-full size-full\" alt=\"\" srcset=\"https:\/\/sfgrs.de\/wordpress\/wp-content\/uploads\/2024\/10\/03_Sommerkonzert-2024_Instrumentalkreis-200x113.jpg 200w, https:\/\/sfgrs.de\/wordpress\/wp-content\/uploads\/2024\/10\/03_Sommerkonzert-2024_Instrumentalkreis-400x225.jpg 400w, https:\/\/sfgrs.de\/wordpress\/wp-content\/uploads\/2024\/10\/03_Sommerkonzert-2024_Instrumentalkreis-600x338.jpg 600w, https:\/\/sfgrs.de\/wordpress\/wp-content\/uploads\/2024\/10\/03_Sommerkonzert-2024_Instrumentalkreis-800x450.jpg 800w, https:\/\/sfgrs.de\/wordpress\/wp-content\/uploads\/2024\/10\/03_Sommerkonzert-2024_Instrumentalkreis-1200x675.jpg 1200w, https:\/\/sfgrs.de\/wordpress\/wp-content\/uploads\/2024\/10\/03_Sommerkonzert-2024_Instrumentalkreis.jpg 1920w\" sizes=\"(min-width: 2200px) 100vw, (min-width: 800px) 694px, (min-width: 640px) 800px, \" \/><\/div><\/div><\/div><div class=\"swiper-slide\"><div class=\"fusion-carousel-item-wrapper\"><div class=\"fusion-image-wrapper hover-type-none\"><img decoding=\"async\" width=\"1920\" height=\"1080\" src=\"https:\/\/sfgrs.de\/wordpress\/wp-content\/uploads\/2024\/10\/04_Sommerkonzert-2024_Klasse-6d.jpg\" class=\"attachment-full size-full\" alt=\"\" srcset=\"https:\/\/sfgrs.de\/wordpress\/wp-content\/uploads\/2024\/10\/04_Sommerkonzert-2024_Klasse-6d-200x113.jpg 200w, https:\/\/sfgrs.de\/wordpress\/wp-content\/uploads\/2024\/10\/04_Sommerkonzert-2024_Klasse-6d-400x225.jpg 400w, https:\/\/sfgrs.de\/wordpress\/wp-content\/uploads\/2024\/10\/04_Sommerkonzert-2024_Klasse-6d-600x338.jpg 600w, https:\/\/sfgrs.de\/wordpress\/wp-content\/uploads\/2024\/10\/04_Sommerkonzert-2024_Klasse-6d-800x450.jpg 800w, https:\/\/sfgrs.de\/wordpress\/wp-content\/uploads\/2024\/10\/04_Sommerkonzert-2024_Klasse-6d-1200x675.jpg 1200w, https:\/\/sfgrs.de\/wordpress\/wp-content\/uploads\/2024\/10\/04_Sommerkonzert-2024_Klasse-6d.jpg 1920w\" sizes=\"(min-width: 2200px) 100vw, (min-width: 800px) 694px, (min-width: 640px) 800px, \" \/><\/div><\/div><\/div><div class=\"swiper-slide\"><div class=\"fusion-carousel-item-wrapper\"><div class=\"fusion-image-wrapper hover-type-none\"><img decoding=\"async\" width=\"1600\" height=\"1200\" src=\"https:\/\/sfgrs.de\/wordpress\/wp-content\/uploads\/2024\/10\/05_Ehemaligenkonzert-2023.jpg\" class=\"attachment-full size-full\" alt=\"\" srcset=\"https:\/\/sfgrs.de\/wordpress\/wp-content\/uploads\/2024\/10\/05_Ehemaligenkonzert-2023-200x150.jpg 200w, https:\/\/sfgrs.de\/wordpress\/wp-content\/uploads\/2024\/10\/05_Ehemaligenkonzert-2023-400x300.jpg 400w, https:\/\/sfgrs.de\/wordpress\/wp-content\/uploads\/2024\/10\/05_Ehemaligenkonzert-2023-600x450.jpg 600w, https:\/\/sfgrs.de\/wordpress\/wp-content\/uploads\/2024\/10\/05_Ehemaligenkonzert-2023-800x600.jpg 800w, https:\/\/sfgrs.de\/wordpress\/wp-content\/uploads\/2024\/10\/05_Ehemaligenkonzert-2023-1200x900.jpg 1200w, https:\/\/sfgrs.de\/wordpress\/wp-content\/uploads\/2024\/10\/05_Ehemaligenkonzert-2023.jpg 1600w\" sizes=\"(min-width: 2200px) 100vw, (min-width: 800px) 694px, (min-width: 640px) 800px, \" \/><\/div><\/div><\/div><\/div><div class=\"awb-swiper-button awb-swiper-button-prev\"><i class=\"awb-icon-angle-left\" aria-hidden=\"true\"><\/i><\/div><div class=\"awb-swiper-button awb-swiper-button-next\"><i class=\"awb-icon-angle-right\" aria-hidden=\"true\"><\/i><\/div><\/div><\/div><\/div><\/div><div class=\"fusion-layout-column fusion_builder_column fusion-builder-column-2 fusion_builder_column_1_6 1_6 fusion-flex-column\" style=\"--awb-bg-size:cover;--awb-width-large:16.666666666667%;--awb-margin-top-large:0px;--awb-spacing-right-large:11.52%;--awb-margin-bottom-large:20px;--awb-spacing-left-large:11.52%;--awb-width-medium:100%;--awb-order-medium:0;--awb-spacing-right-medium:1.92%;--awb-spacing-left-medium:1.92%;--awb-width-small:100%;--awb-order-small:0;--awb-spacing-right-small:1.92%;--awb-spacing-left-small:1.92%;\"><div class=\"fusion-column-wrapper fusion-column-has-shadow fusion-flex-justify-content-flex-start fusion-content-layout-column\"><\/div><\/div><\/div><\/div>\n","protected":false},"excerpt":{"rendered":"","protected":false},"author":13,"featured_media":0,"parent":0,"menu_order":0,"comment_status":"closed","ping_status":"closed","template":"","meta":{"footnotes":""},"categories":[48],"tags":[],"class_list":["post-10847","page","type-page","status-publish","hentry","category-sub-angebote"],"_links":{"self":[{"href":"https:\/\/sfgrs.de\/wordpress\/index.php\/wp-json\/wp\/v2\/pages\/10847","targetHints":{"allow":["GET"]}}],"collection":[{"href":"https:\/\/sfgrs.de\/wordpress\/index.php\/wp-json\/wp\/v2\/pages"}],"about":[{"href":"https:\/\/sfgrs.de\/wordpress\/index.php\/wp-json\/wp\/v2\/types\/page"}],"author":[{"embeddable":true,"href":"https:\/\/sfgrs.de\/wordpress\/index.php\/wp-json\/wp\/v2\/users\/13"}],"replies":[{"embeddable":true,"href":"https:\/\/sfgrs.de\/wordpress\/index.php\/wp-json\/wp\/v2\/comments?post=10847"}],"version-history":[{"count":6,"href":"https:\/\/sfgrs.de\/wordpress\/index.php\/wp-json\/wp\/v2\/pages\/10847\/revisions"}],"predecessor-version":[{"id":11715,"href":"https:\/\/sfgrs.de\/wordpress\/index.php\/wp-json\/wp\/v2\/pages\/10847\/revisions\/11715"}],"wp:attachment":[{"href":"https:\/\/sfgrs.de\/wordpress\/index.php\/wp-json\/wp\/v2\/media?parent=10847"}],"wp:term":[{"taxonomy":"category","embeddable":true,"href":"https:\/\/sfgrs.de\/wordpress\/index.php\/wp-json\/wp\/v2\/categories?post=10847"},{"taxonomy":"post_tag","embeddable":true,"href":"https:\/\/sfgrs.de\/wordpress\/index.php\/wp-json\/wp\/v2\/tags?post=10847"}],"curies":[{"name":"wp","href":"https:\/\/api.w.org\/{rel}","templated":true}]}}