{"id":11315,"date":"2024-10-29T08:09:18","date_gmt":"2024-10-29T07:09:18","guid":{"rendered":"https:\/\/sfgrs.de\/wordpress\/sfgrs-24\/?page_id=11315"},"modified":"2026-02-23T07:44:41","modified_gmt":"2026-02-23T06:44:41","slug":"wichtiges-fuer-eltern","status":"publish","type":"page","link":"https:\/\/sfgrs.de\/wordpress\/index.php\/wichtiges-fuer-eltern\/","title":{"rendered":"Wichtiges f\u00fcr Eltern"},"content":{"rendered":"<div class=\"fusion-fullwidth fullwidth-box fusion-builder-row-1 fusion-flex-container has-pattern-background has-mask-background nonhundred-percent-fullwidth non-hundred-percent-height-scrolling\" style=\"--awb-border-radius-top-left:0px;--awb-border-radius-top-right:0px;--awb-border-radius-bottom-right:0px;--awb-border-radius-bottom-left:0px;--awb-flex-wrap:wrap;\" ><div class=\"fusion-builder-row fusion-row fusion-flex-align-items-flex-start fusion-flex-content-wrap\" style=\"max-width:1456px;margin-left: calc(-4% \/ 2 );margin-right: calc(-4% \/ 2 );\"><div class=\"fusion-layout-column fusion_builder_column fusion-builder-column-0 fusion_builder_column_1_6 1_6 fusion-flex-column\" style=\"--awb-bg-size:cover;--awb-width-large:16.666666666667%;--awb-margin-top-large:0px;--awb-spacing-right-large:11.52%;--awb-margin-bottom-large:20px;--awb-spacing-left-large:11.52%;--awb-width-medium:100%;--awb-order-medium:0;--awb-spacing-right-medium:1.92%;--awb-spacing-left-medium:1.92%;--awb-width-small:100%;--awb-order-small:0;--awb-spacing-right-small:1.92%;--awb-spacing-left-small:1.92%;\"><div class=\"fusion-column-wrapper fusion-column-has-shadow fusion-flex-justify-content-flex-start fusion-content-layout-column\"><\/div><\/div><div class=\"fusion-layout-column fusion_builder_column fusion-builder-column-1 fusion_builder_column_2_3 2_3 fusion-flex-column\" style=\"--awb-bg-size:cover;--awb-width-large:66.666666666667%;--awb-margin-top-large:0px;--awb-spacing-right-large:2.88%;--awb-margin-bottom-large:20px;--awb-spacing-left-large:2.88%;--awb-width-medium:100%;--awb-order-medium:0;--awb-spacing-right-medium:1.92%;--awb-spacing-left-medium:1.92%;--awb-width-small:100%;--awb-order-small:0;--awb-spacing-right-small:1.92%;--awb-spacing-left-small:1.92%;\"><div class=\"fusion-column-wrapper fusion-column-has-shadow fusion-flex-justify-content-flex-start fusion-content-layout-column\"><div class=\"fusion-image-element \" style=\"--awb-aspect-ratio:21 \/ 9;--awb-object-position:51% 36%;--awb-margin-bottom:30px;--awb-caption-title-font-family:var(--h2_typography-font-family);--awb-caption-title-font-weight:var(--h2_typography-font-weight);--awb-caption-title-font-style:var(--h2_typography-font-style);--awb-caption-title-size:var(--h2_typography-font-size);--awb-caption-title-transform:var(--h2_typography-text-transform);--awb-caption-title-line-height:var(--h2_typography-line-height);--awb-caption-title-letter-spacing:var(--h2_typography-letter-spacing);\"><span class=\" fusion-imageframe imageframe-none imageframe-1 hover-type-none has-aspect-ratio\"><img decoding=\"async\" width=\"1024\" height=\"683\" title=\"_DSC0957-71\" src=\"https:\/\/sfgrs.de\/wordpress\/wp-content\/uploads\/2024\/10\/DSC0957-71-1024x683.jpg\" class=\"img-responsive wp-image-11317 img-with-aspect-ratio\" alt srcset=\"https:\/\/sfgrs.de\/wordpress\/wp-content\/uploads\/2024\/10\/DSC0957-71-200x133.jpg 200w, https:\/\/sfgrs.de\/wordpress\/wp-content\/uploads\/2024\/10\/DSC0957-71-400x267.jpg 400w, https:\/\/sfgrs.de\/wordpress\/wp-content\/uploads\/2024\/10\/DSC0957-71-600x400.jpg 600w, https:\/\/sfgrs.de\/wordpress\/wp-content\/uploads\/2024\/10\/DSC0957-71-800x534.jpg 800w, https:\/\/sfgrs.de\/wordpress\/wp-content\/uploads\/2024\/10\/DSC0957-71-1200x800.jpg 1200w\" sizes=\"(max-width: 1140px) 100vw, (max-width: 640px) 100vw, 1200px\" \/><\/span><\/div><div class=\"fusion-text fusion-text-1 fusion-text-no-margin\" style=\"--awb-margin-bottom:30px;\"><h4>Hier finden Sie wichtige und geb\u00fcndelte Informationen f\u00fcr Eltern. Bei Fragen oder Unklarheiten hilft unser Sekretariat gerne weiter.<\/h4>\n<ul>\n<li><a href=\"https:\/\/sfgrs.de\/wordpress\/index.php\/informationen-fuer-schuelerinnen-hausordnung\/\"><b>Hausordnung der Schule<\/b><\/a><\/li>\n<li><a href=\"https:\/\/www.sfgrs.de\/wordpress\/index.php\/schulweb\/informationen-fuer-eltern-elternbriefe\/\"><strong>Elternbriefe und Newsletter der Schule<\/strong><\/a><\/li>\n<li><a href=\"https:\/\/www.sfgrs.de\/InfoStundenplan\/Klassenplan\/default.htm\"><strong>Stundenpl\u00e4ne<\/strong><\/a><\/li>\n<li><a href=\"https:\/\/www.sfgrs.de\/wordpress\/index.php\/informationen-fuer-schuelerinnen-erster-schultag\/\"><strong>Erster Schultag nach den Sommerferien<\/strong><\/a><\/li>\n<li><a href=\"https:\/\/www.sfgrs.de\/wordpress\/index.php\/informationen-fuer-eltern-schulelternbeirat\/\"><strong>Schulelternbeirat<\/strong><\/a><\/li>\n<li><a href=\"https:\/\/www.sfgrs.de\/wordpress\/?page_id=5166&amp;preview=true\"><strong>Schulbuchlisten \/ Schulbuchausleihe<\/strong><\/a><\/li>\n<li><a href=\"https:\/\/www.sfgrs.de\/wordpress\/?page_id=5174&amp;preview=true\"><strong>Vorschriften und Gesetze<\/strong><\/a><\/li>\n<li><a href=\"https:\/\/www.sfgrs.de\/wordpress\/?page_id=5168&amp;preview=true\"><strong>Internet \/ Handy \/ Soziale Medien \/ Cybermobbing<\/strong><\/a><\/li>\n<li><a href=\"https:\/\/www.sfgrs.de\/wordpress\/index.php\/informationen-fuer-eltern-unterstuetzung\/\"><strong>Finanzielle Unterst\u00fctzung f\u00fcr Familien<\/strong><\/a><\/li>\n<li><a href=\"https:\/\/www.sfgrs.de\/wordpress\/index.php\/informationen-fuer-eltern-fahrkarten\/\"><strong>Fahrkarten zur Sch\u00fclerbef\u00f6rderung<\/strong><\/a><\/li>\n<li><a href=\"https:\/\/www.sfgrs.de\/wordpress\/index.php\/informationen-fuer-schuelerinnen-wetter\/\"><strong>Schulbesuch bei schlechten Witterungsverh\u00e4ltnissen<\/strong><\/a><\/li>\n<li><a href=\"https:\/\/www.sfgrs.de\/wordpress\/index.php\/schulweb\/kostenrahmen-fuer-klassen-und-kursfahrten\/\"><strong>Kostenrahmen f\u00fcr Klassen- und Kursfahrten<\/strong><\/a><\/li>\n<li>Schlie\u00dff\u00e4cher k\u00f6nnen \u00fcber die Firma\u00a0<a href=\"https:\/\/www.astradirect.de\/\"><strong>Astradirekt<\/strong><\/a>\u00a0gemietet werde<\/li>\n<li>Unsere Schule als sicherer Ort \u2013\u00a0<strong><a href=\"https:\/\/sfgrs.de\/wordpress\/index.php\/praevention-seelsorge\/\">Pr\u00e4vention und Hilfsangebote<\/a><\/strong><\/li>\n<li><strong><a href=\"https:\/\/bildung.rlp.de\/eltern\/elternmitwirkung\" target=\"_blank\" rel=\"noopener\">Elternmitwirkung in Rheinland-Pfalz<\/a><\/strong><\/li>\n<\/ul>\n<\/div><\/div><\/div><div class=\"fusion-layout-column fusion_builder_column fusion-builder-column-2 fusion_builder_column_1_6 1_6 fusion-flex-column\" style=\"--awb-bg-size:cover;--awb-width-large:16.666666666667%;--awb-margin-top-large:0px;--awb-spacing-right-large:11.52%;--awb-margin-bottom-large:20px;--awb-spacing-left-large:11.52%;--awb-width-medium:100%;--awb-order-medium:0;--awb-spacing-right-medium:1.92%;--awb-spacing-left-medium:1.92%;--awb-width-small:100%;--awb-order-small:0;--awb-spacing-right-small:1.92%;--awb-spacing-left-small:1.92%;\"><div class=\"fusion-column-wrapper fusion-column-has-shadow fusion-flex-justify-content-flex-start fusion-content-layout-column\"><\/div><\/div><\/div><\/div>\n","protected":false},"excerpt":{"rendered":"","protected":false},"author":1,"featured_media":0,"parent":0,"menu_order":0,"comment_status":"closed","ping_status":"closed","template":"","meta":{"footnotes":""},"categories":[62],"tags":[],"class_list":["post-11315","page","type-page","status-publish","hentry","category-sub-fuer-neue"],"_links":{"self":[{"href":"https:\/\/sfgrs.de\/wordpress\/index.php\/wp-json\/wp\/v2\/pages\/11315","targetHints":{"allow":["GET"]}}],"collection":[{"href":"https:\/\/sfgrs.de\/wordpress\/index.php\/wp-json\/wp\/v2\/pages"}],"about":[{"href":"https:\/\/sfgrs.de\/wordpress\/index.php\/wp-json\/wp\/v2\/types\/page"}],"author":[{"embeddable":true,"href":"https:\/\/sfgrs.de\/wordpress\/index.php\/wp-json\/wp\/v2\/users\/1"}],"replies":[{"embeddable":true,"href":"https:\/\/sfgrs.de\/wordpress\/index.php\/wp-json\/wp\/v2\/comments?post=11315"}],"version-history":[{"count":9,"href":"https:\/\/sfgrs.de\/wordpress\/index.php\/wp-json\/wp\/v2\/pages\/11315\/revisions"}],"predecessor-version":[{"id":13102,"href":"https:\/\/sfgrs.de\/wordpress\/index.php\/wp-json\/wp\/v2\/pages\/11315\/revisions\/13102"}],"wp:attachment":[{"href":"https:\/\/sfgrs.de\/wordpress\/index.php\/wp-json\/wp\/v2\/media?parent=11315"}],"wp:term":[{"taxonomy":"category","embeddable":true,"href":"https:\/\/sfgrs.de\/wordpress\/index.php\/wp-json\/wp\/v2\/categories?post=11315"},{"taxonomy":"post_tag","embeddable":true,"href":"https:\/\/sfgrs.de\/wordpress\/index.php\/wp-json\/wp\/v2\/tags?post=11315"}],"curies":[{"name":"wp","href":"https:\/\/api.w.org\/{rel}","templated":true}]}}