{"id":12025,"date":"2024-11-11T07:51:36","date_gmt":"2024-11-11T06:51:36","guid":{"rendered":"https:\/\/sfgrs.de\/wordpress\/?page_id=12025"},"modified":"2024-11-13T20:10:54","modified_gmt":"2024-11-13T19:10:54","slug":"tablet-shop","status":"publish","type":"page","link":"https:\/\/sfgrs.de\/wordpress\/index.php\/tablet-shop\/","title":{"rendered":"Tablet-Shop"},"content":{"rendered":"<div class=\"fusion-fullwidth fullwidth-box fusion-builder-row-1 fusion-flex-container has-pattern-background has-mask-background nonhundred-percent-fullwidth non-hundred-percent-height-scrolling\" style=\"--awb-border-radius-top-left:0px;--awb-border-radius-top-right:0px;--awb-border-radius-bottom-right:0px;--awb-border-radius-bottom-left:0px;--awb-flex-wrap:wrap;\" ><div class=\"fusion-builder-row fusion-row fusion-flex-align-items-flex-start fusion-flex-content-wrap\" style=\"max-width:1456px;margin-left: calc(-4% \/ 2 );margin-right: calc(-4% \/ 2 );\"><div class=\"fusion-layout-column fusion_builder_column fusion-builder-column-0 fusion_builder_column_1_6 1_6 fusion-flex-column\" style=\"--awb-bg-size:cover;--awb-width-large:16.666666666667%;--awb-margin-top-large:0px;--awb-spacing-right-large:11.52%;--awb-margin-bottom-large:20px;--awb-spacing-left-large:11.52%;--awb-width-medium:100%;--awb-order-medium:0;--awb-spacing-right-medium:1.92%;--awb-spacing-left-medium:1.92%;--awb-width-small:100%;--awb-order-small:0;--awb-spacing-right-small:1.92%;--awb-spacing-left-small:1.92%;\"><div class=\"fusion-column-wrapper fusion-column-has-shadow fusion-flex-justify-content-flex-start fusion-content-layout-column\"><\/div><\/div><div class=\"fusion-layout-column fusion_builder_column fusion-builder-column-1 fusion_builder_column_2_3 2_3 fusion-flex-column\" style=\"--awb-bg-size:cover;--awb-width-large:66.666666666667%;--awb-margin-top-large:0px;--awb-spacing-right-large:2.88%;--awb-margin-bottom-large:20px;--awb-spacing-left-large:2.88%;--awb-width-medium:100%;--awb-order-medium:0;--awb-spacing-right-medium:1.92%;--awb-spacing-left-medium:1.92%;--awb-width-small:100%;--awb-order-small:0;--awb-spacing-right-small:1.92%;--awb-spacing-left-small:1.92%;\"><div class=\"fusion-column-wrapper fusion-column-has-shadow fusion-flex-justify-content-flex-start fusion-content-layout-column\"><div class=\"fusion-image-element \" style=\"--awb-aspect-ratio:21 \/ 9;--awb-object-position:53% 50%;--awb-margin-bottom:30px;--awb-caption-title-font-family:var(--h2_typography-font-family);--awb-caption-title-font-weight:var(--h2_typography-font-weight);--awb-caption-title-font-style:var(--h2_typography-font-style);--awb-caption-title-size:var(--h2_typography-font-size);--awb-caption-title-transform:var(--h2_typography-text-transform);--awb-caption-title-line-height:var(--h2_typography-line-height);--awb-caption-title-letter-spacing:var(--h2_typography-letter-spacing);\"><span class=\" fusion-imageframe imageframe-none imageframe-1 hover-type-none has-aspect-ratio\"><img decoding=\"async\" width=\"300\" height=\"107\" title=\"cotec\" src=\"https:\/\/sfgrs.de\/wordpress\/wp-content\/uploads\/2024\/11\/cotec-300x107.jpg\" class=\"img-responsive wp-image-12027 img-with-aspect-ratio\" alt srcset=\"https:\/\/sfgrs.de\/wordpress\/wp-content\/uploads\/2024\/11\/cotec-200x72.jpg 200w, https:\/\/sfgrs.de\/wordpress\/wp-content\/uploads\/2024\/11\/cotec-400x143.jpg 400w, https:\/\/sfgrs.de\/wordpress\/wp-content\/uploads\/2024\/11\/cotec-600x215.jpg 600w, https:\/\/sfgrs.de\/wordpress\/wp-content\/uploads\/2024\/11\/cotec-800x286.jpg 800w, https:\/\/sfgrs.de\/wordpress\/wp-content\/uploads\/2024\/11\/cotec-1200x429.jpg 1200w, https:\/\/sfgrs.de\/wordpress\/wp-content\/uploads\/2024\/11\/cotec.jpg 1356w\" sizes=\"(max-width: 1140px) 100vw, (max-width: 640px) 100vw, 1200px\" \/><\/span><\/div><div class=\"fusion-text fusion-text-1 fusion-text-no-margin\" style=\"--awb-margin-bottom:30px;\"><h3 class=\"Text\">Freiwilliges Angebot f\u00fcr unsere Schule \u2013 powered by co.Tec<\/h3>\n<p class=\"Text\">co.Tec aus Rosenheim ist ein etablierter Ansprechpartner f\u00fcr Schulen, Lehrkr\u00e4fte und Sch\u00fclerInnen in Sachen Digitalisierung. Der Bestellprozess, die Zahlung und der Support werden \u00fcber den Shopbetreiber (nicht \u00fcber die Schule) abgewickelt.<\/p>\n<p>Mit unserem \u201eWarenkorb f\u00fcr Schulen\u201c bieten wir Eltern und Sch\u00fclerInnen die M\u00f6glichkeit, m\u00f6glichst unkompliziert bestimmte Endger\u00e4te f\u00fcr den digitalen Unterricht zu beschaffen. <strong>Der Shop ist lediglich ein Angebot und kann bei Interesse zum sicheren Kauf eines Tablets genutzt werden.<\/strong><\/p>\n<p class=\"Text\">Sie finden dort eine absichtlich sehr beschr\u00e4nkte Auswahl an Ger\u00e4ten und Zubeh\u00f6r, die nach unseren Empfehlungen f\u00fcr den Unterricht zusammengestellt wurde.<\/p>\n<h3>Und so funktioniert es:<\/h3>\n<ol>\n<li>Gehen Sie auf <strong><strong><a href=\"http:\/\/www.cotec.de\/st-franziskus\">www.cotec.de\/st-franziskus<\/a><\/strong><\/strong><\/li>\n<li>Klicken Sie auf \u201eLogin\/Registrierung\u201c und erstellen Sie ein Konto mit Angabe Ihres Registrierungscodes.<br \/>\nDieser lautet: <strong><strong>STF4548455142<\/strong><\/strong><\/li>\n<li>Im Anschluss an die Registrierung landen Sie auf der Ger\u00e4teauswahl. Legen Sie das gew\u00fcnschte<br \/>\nEndger\u00e4t und ggf. das passende Zubeh\u00f6r in den Warenkorb und folgen Sie dem<br \/>\nKaufprozess.<\/li>\n<\/ol>\n<\/div><\/div><\/div><div class=\"fusion-layout-column fusion_builder_column fusion-builder-column-2 fusion_builder_column_1_6 1_6 fusion-flex-column\" style=\"--awb-bg-size:cover;--awb-width-large:16.666666666667%;--awb-margin-top-large:0px;--awb-spacing-right-large:11.52%;--awb-margin-bottom-large:20px;--awb-spacing-left-large:11.52%;--awb-width-medium:100%;--awb-order-medium:0;--awb-spacing-right-medium:1.92%;--awb-spacing-left-medium:1.92%;--awb-width-small:100%;--awb-order-small:0;--awb-spacing-right-small:1.92%;--awb-spacing-left-small:1.92%;\"><div class=\"fusion-column-wrapper fusion-column-has-shadow fusion-flex-justify-content-flex-start fusion-content-layout-column\"><\/div><\/div><\/div><\/div>\n","protected":false},"excerpt":{"rendered":"","protected":false},"author":1,"featured_media":0,"parent":0,"menu_order":0,"comment_status":"closed","ping_status":"closed","template":"","meta":{"footnotes":""},"categories":[],"tags":[],"class_list":["post-12025","page","type-page","status-publish","hentry"],"_links":{"self":[{"href":"https:\/\/sfgrs.de\/wordpress\/index.php\/wp-json\/wp\/v2\/pages\/12025","targetHints":{"allow":["GET"]}}],"collection":[{"href":"https:\/\/sfgrs.de\/wordpress\/index.php\/wp-json\/wp\/v2\/pages"}],"about":[{"href":"https:\/\/sfgrs.de\/wordpress\/index.php\/wp-json\/wp\/v2\/types\/page"}],"author":[{"embeddable":true,"href":"https:\/\/sfgrs.de\/wordpress\/index.php\/wp-json\/wp\/v2\/users\/1"}],"replies":[{"embeddable":true,"href":"https:\/\/sfgrs.de\/wordpress\/index.php\/wp-json\/wp\/v2\/comments?post=12025"}],"version-history":[{"count":8,"href":"https:\/\/sfgrs.de\/wordpress\/index.php\/wp-json\/wp\/v2\/pages\/12025\/revisions"}],"predecessor-version":[{"id":12050,"href":"https:\/\/sfgrs.de\/wordpress\/index.php\/wp-json\/wp\/v2\/pages\/12025\/revisions\/12050"}],"wp:attachment":[{"href":"https:\/\/sfgrs.de\/wordpress\/index.php\/wp-json\/wp\/v2\/media?parent=12025"}],"wp:term":[{"taxonomy":"category","embeddable":true,"href":"https:\/\/sfgrs.de\/wordpress\/index.php\/wp-json\/wp\/v2\/categories?post=12025"},{"taxonomy":"post_tag","embeddable":true,"href":"https:\/\/sfgrs.de\/wordpress\/index.php\/wp-json\/wp\/v2\/tags?post=12025"}],"curies":[{"name":"wp","href":"https:\/\/api.w.org\/{rel}","templated":true}]}}