{"id":5172,"date":"2021-02-01T10:26:08","date_gmt":"2021-02-01T09:26:08","guid":{"rendered":"https:\/\/www.sfgrs.de\/wordpress\/?page_id=5172"},"modified":"2026-02-12T14:09:17","modified_gmt":"2026-02-12T13:09:17","slug":"informationen-fuer-eltern-schulelternbeirat","status":"publish","type":"page","link":"https:\/\/sfgrs.de\/wordpress\/index.php\/informationen-fuer-eltern-schulelternbeirat\/","title":{"rendered":"Schulelternbeirat"},"content":{"rendered":"<div class=\"fusion-fullwidth fullwidth-box fusion-builder-row-1 nonhundred-percent-fullwidth non-hundred-percent-height-scrolling\" style=\"--awb-border-radius-top-left:0px;--awb-border-radius-top-right:0px;--awb-border-radius-bottom-right:0px;--awb-border-radius-bottom-left:0px;--awb-flex-wrap:wrap;\" ><div class=\"fusion-builder-row fusion-row\"><div class=\"fusion-layout-column fusion_builder_column fusion-builder-column-0 fusion_builder_column_1_6 1_6 fusion-one-sixth fusion-column-first\" style=\"--awb-bg-size:cover;width:16.666666666667%;width:calc(16.666666666667% - ( ( 4% + 4% ) * 0.16666666666667 ) );margin-right: 4%;\"><div class=\"fusion-column-wrapper fusion-column-has-shadow fusion-flex-column-wrapper-legacy\"><div class=\"fusion-clearfix\"><\/div><\/div><\/div><div class=\"fusion-layout-column fusion_builder_column fusion-builder-column-1 fusion_builder_column_2_3 2_3 fusion-two-third\" style=\"--awb-bg-size:cover;width:66.666666666667%;width:calc(66.666666666667% - ( ( 4% + 4% ) * 0.66666666666667 ) );margin-right: 4%;\"><div class=\"fusion-column-wrapper fusion-column-has-shadow fusion-flex-column-wrapper-legacy\"><div class=\"fusion-image-element in-legacy-container\" style=\"--awb-aspect-ratio:21 \/ 9;--awb-caption-title-font-family:var(--h2_typography-font-family);--awb-caption-title-font-weight:var(--h2_typography-font-weight);--awb-caption-title-font-style:var(--h2_typography-font-style);--awb-caption-title-size:var(--h2_typography-font-size);--awb-caption-title-transform:var(--h2_typography-text-transform);--awb-caption-title-line-height:var(--h2_typography-line-height);--awb-caption-title-letter-spacing:var(--h2_typography-letter-spacing);\"><span class=\" fusion-imageframe imageframe-none imageframe-1 hover-type-none has-aspect-ratio\"><img decoding=\"async\" width=\"2808\" height=\"1872\" title=\"Bio 5\" src=\"https:\/\/sfgrs.de\/wordpress\/wp-content\/uploads\/2024\/10\/Bio-5.png\" class=\"img-responsive wp-image-10939 img-with-aspect-ratio\" alt srcset=\"https:\/\/sfgrs.de\/wordpress\/wp-content\/uploads\/2024\/10\/Bio-5-200x133.png 200w, https:\/\/sfgrs.de\/wordpress\/wp-content\/uploads\/2024\/10\/Bio-5-400x267.png 400w, https:\/\/sfgrs.de\/wordpress\/wp-content\/uploads\/2024\/10\/Bio-5-600x400.png 600w, https:\/\/sfgrs.de\/wordpress\/wp-content\/uploads\/2024\/10\/Bio-5-800x533.png 800w, https:\/\/sfgrs.de\/wordpress\/wp-content\/uploads\/2024\/10\/Bio-5-1200x800.png 1200w, https:\/\/sfgrs.de\/wordpress\/wp-content\/uploads\/2024\/10\/Bio-5.png 2808w\" sizes=\"(max-width: 960px) 100vw, 1200px\" \/><\/span><\/div><div class=\"fusion-text fusion-text-1\" style=\"--awb-margin-top:20px;\"><div class=\"csc-header csc-header-n1\">\n<h3 class=\"csc-firstHeader\">Schulelternbeirat<\/h3>\n<\/div>\n<\/div><div class=\"fusion-clearfix\"><\/div><\/div><\/div><div class=\"fusion-layout-column fusion_builder_column fusion-builder-column-2 fusion_builder_column_1_6 1_6 fusion-one-sixth fusion-column-last\" style=\"--awb-bg-size:cover;width:16.666666666667%;width:calc(16.666666666667% - ( ( 4% + 4% ) * 0.16666666666667 ) );\"><div class=\"fusion-column-wrapper fusion-column-has-shadow fusion-flex-column-wrapper-legacy\"><div class=\"fusion-clearfix\"><\/div><\/div><\/div><div class=\"fusion-layout-column fusion_builder_column fusion-builder-column-3 fusion_builder_column_1_6 1_6 fusion-one-sixth fusion-column-first\" style=\"--awb-bg-size:cover;width:16.666666666667%;width:calc(16.666666666667% - ( ( 4% + 4% ) * 0.16666666666667 ) );margin-right: 4%;\"><div class=\"fusion-column-wrapper fusion-column-has-shadow fusion-flex-column-wrapper-legacy\"><div class=\"fusion-clearfix\"><\/div><\/div><\/div><div class=\"fusion-layout-column fusion_builder_column fusion-builder-column-4 fusion_builder_column_2_3 2_3 fusion-two-third\" style=\"--awb-bg-size:cover;width:66.666666666667%;width:calc(66.666666666667% - ( ( 4% + 4% ) * 0.66666666666667 ) );margin-right: 4%;\"><div class=\"fusion-column-wrapper fusion-column-has-shadow fusion-flex-column-wrapper-legacy\"><div class=\"fusion-text fusion-text-2\"><div class=\"csc-header csc-header-n1\"><\/div>\n<p>Zu den grundlegenden Aufgaben des Schulelternbeirates (SEB) z\u00e4hlt, die Erziehungs- und Unterrichtsarbeit der Schule zu f\u00f6rdern und mit zu gestalten. Der SEB soll die Schule beraten, sie unterst\u00fctzen, ihr Anregungen geben und Vorschl\u00e4ge unterbreiten. Er vertritt die Interessen der Eltern gegen\u00fcber der Schule, der Schulverwaltung und gegen\u00fcber der \u00d6ffentlichkeit.<\/p>\n<p>Entsprechend der Gr\u00f6\u00dfe der Schule setzt sich unser SEB aus 20 Mitgliedern zusammen, wobei 16 f\u00fcr das Gymnasium und 4\u00a0f\u00fcr die Realschule gew\u00e4hlt werden.<\/p>\n<\/div><div class=\"fusion-text fusion-text-3\"><h3>SEB &#8211; Kontakt &#8211; E-Mail<\/h3>\n<p>Gerne k\u00f6nnen Sie sich mit Fragen, Problemen oder Anregungen an den Schulelternbeirat wenden. Wir werden uns um Kl\u00e4rung bem\u00fchen bzw. Ihr Anliegen an entsprechender Stelle vortragen.<br \/>\nSie erreichen uns unter folgender E-Mail-Adresse: <strong><a href=\"mailto:seb@sfgrs.bildung-rp.de\" target=\"_blank\" rel=\"noopener noreferrer\">seb@sfgrs.bildung-rp.de<\/a><\/strong><br \/>\nIhre Mail geht direkt an den aktuellen Vorsitzenden des Schulelternbeirates.<\/p>\n<\/div><div class=\"fusion-clearfix\"><\/div><\/div><\/div><div class=\"fusion-layout-column fusion_builder_column fusion-builder-column-5 fusion_builder_column_1_6 1_6 fusion-one-sixth fusion-column-last\" style=\"--awb-bg-size:cover;width:16.666666666667%;width:calc(16.666666666667% - ( ( 4% + 4% ) * 0.16666666666667 ) );\"><div class=\"fusion-column-wrapper fusion-column-has-shadow fusion-flex-column-wrapper-legacy\"><div class=\"fusion-clearfix\"><\/div><\/div><\/div><div class=\"fusion-layout-column fusion_builder_column fusion-builder-column-6 fusion_builder_column_1_6 1_6 fusion-one-sixth fusion-column-first\" style=\"--awb-bg-size:cover;width:16.666666666667%;width:calc(16.666666666667% - ( ( 4% + 4% ) * 0.16666666666667 ) );margin-right: 4%;\"><div class=\"fusion-column-wrapper fusion-column-has-shadow fusion-flex-column-wrapper-legacy\"><div class=\"fusion-clearfix\"><\/div><\/div><\/div><div class=\"fusion-layout-column fusion_builder_column fusion-builder-column-7 fusion_builder_column_2_3 2_3 fusion-two-third\" style=\"--awb-bg-size:cover;width:66.666666666667%;width:calc(66.666666666667% - ( ( 4% + 4% ) * 0.66666666666667 ) );margin-right: 4%;\"><div class=\"fusion-column-wrapper fusion-column-has-shadow fusion-flex-column-wrapper-legacy\"><div class=\"accordian fusion-accordian\" style=\"--awb-border-size:1px;--awb-icon-size:13px;--awb-content-font-size:16px;--awb-icon-alignment:left;--awb-hover-color:#f9f9f9;--awb-border-color:var(--awb-color3);--awb-background-color:#ffffff;--awb-divider-color:var(--awb-color3);--awb-divider-hover-color:var(--awb-color3);--awb-icon-color:#ffffff;--awb-title-color:#5dad24;--awb-content-color:#747474;--awb-icon-box-color:#b8d3b6;--awb-toggle-hover-accent-color:var(--awb-color7);--awb-toggle-active-accent-color:var(--awb-color5);--awb-title-font-family:var(--awb-typography4-font-family);--awb-title-font-weight:var(--awb-typography4-font-weight);--awb-title-font-style:var(--awb-typography4-font-style);--awb-title-font-size:var(--awb-typography4-font-size);--awb-title-letter-spacing:1px;--awb-title-line-height:1.5;--awb-content-font-family:&quot;Raleway&quot;;--awb-content-font-style:normal;--awb-content-font-weight:400;\"><div class=\"panel-group fusion-toggle-icon-boxed\" id=\"accordion-5172-1\"><div class=\"fusion-panel panel-default panel-3cda1aa84f919d077 fusion-toggle-has-divider\" style=\"--awb-title-color:var(--awb-color5);\"><div class=\"panel-heading\"><h4 class=\"panel-title toggle\" id=\"toggle_3cda1aa84f919d077\"><a aria-expanded=\"false\" aria-controls=\"3cda1aa84f919d077\" role=\"button\" data-toggle=\"collapse\" data-parent=\"#accordion-5172-1\" data-target=\"#3cda1aa84f919d077\" href=\"#3cda1aa84f919d077\"><span class=\"fusion-toggle-icon-wrapper\" aria-hidden=\"true\"><i class=\"fa-fusion-box active-icon awb-icon-minus\" aria-hidden=\"true\"><\/i><i class=\"fa-fusion-box inactive-icon awb-icon-plus\" aria-hidden=\"true\"><\/i><\/span><span class=\"fusion-toggle-heading\">Mitglieder und \u00c4mter<\/span><\/a><\/h4><\/div><div id=\"3cda1aa84f919d077\" class=\"panel-collapse collapse \" aria-labelledby=\"toggle_3cda1aa84f919d077\"><div class=\"panel-body toggle-content fusion-clearfix\">Entsprechend dem regul\u00e4ren Zweijahresturnus fanden am 10. Oktober 2023 die Neuwahlen f\u00fcr den Schulelternbeirat f\u00fcr die Schuljahre 2023\/24 und 2024\/25 statt. Wir m\u00f6chten uns an dieser Stelle nochmal ganz herzlich f\u00fcr die Arbeit und das Engagement bei den bisherigen SEB-Mitgliedern bedanken.<\/p>\n<p>In der konstituierenden Sitzung am 30.10.2023 wurden Vorst\u00e4nde und Vertreter f\u00fcr die verschiedenen Gremien gew\u00e4hlt. SEB-Mitglieder und Funktionen f\u00fcr Realschule und Gymnasium werden separat gew\u00e4hlt. Alle SEB-Mitglieder arbeiten jedoch in einem Gremium zusammen, Sitzungen werden gemeinsam durchgef\u00fchrt und Entscheidungen zum Wohl der gesamten Schulgemeinschaft zusammen getroffen.<\/p>\n<p>Der aktuelle Schulelternbeirat setzt sich wie folgt zusammen:<\/p>\n<p><strong>Schulelternsprecherinnen Gymnasium<\/strong><br \/>\nTobias M\u00fcller<br \/>\nDaniel Reither (Stellv.)<\/p>\n<p><strong>Schulelternsprecherinnen Realschule<br \/>\n<\/strong>Stefanie Haferanke<br \/>\nMarkus Schober (Stellv.)<\/p>\n<p><strong>Schriftf\u00fchrerInnen<br \/>\n<\/strong>Anika M\u00fcller<br \/>\nSarah Wegmann (Stellv.)<\/p>\n<p><strong>Weitere Mitglieder Gymnasium<\/strong><br \/>\nKatja Lambrecht<br \/>\nThomas Semmelsberger<br \/>\nAnika M\u00fcller<br \/>\nPatricia Wei\u00df-Roth<br \/>\nSven Roth<br \/>\nDaniel Colak<br \/>\nCaroline Blauth<br \/>\nAnnette Middelkoop-Bienusa<br \/>\nSarah Wegmann<br \/>\nJ\u00fcrgen Rusterholz<br \/>\nJesemin Cicek<\/p>\n<p><strong>Weitere Mitglieder Realschule<br \/>\n<\/strong>Nicole Wulff-Albert<\/p>\n<p>Dina L\u00f6schen<br \/>\nSonja Deininger<br \/>\nIlona Schauml\u00f6ffel<\/p>\n<p><strong>Schulausschuss<\/strong><br \/>\nTobias M\u00fcller (als Schulelternsprecherin Gym)<br \/>\nStefanie Haferanke(als Schulelternsprecher RS)<br \/>\nDina L\u00f6schen<\/p>\n<p><strong>Schulbuchausschuss<\/strong><br \/>\nNatalia Librecht<br \/>\nNicole Wulff-Albert<br \/>\nDaniel Reither<\/p>\n<p><strong>Kontaktperson zum Freundeskreis<\/strong><br \/>\nSven Roth<\/p>\n<p><strong>Steuergruppe<br \/>\n<\/strong>Bernd Labenski<br \/>\nSven Roth<\/div><\/div><\/div><\/div><\/div><div class=\"accordian fusion-accordian\" style=\"--awb-border-size:1px;--awb-icon-size:13px;--awb-content-font-size:16px;--awb-icon-alignment:left;--awb-hover-color:#f9f9f9;--awb-border-color:var(--awb-color3);--awb-background-color:#ffffff;--awb-divider-color:var(--awb-color3);--awb-divider-hover-color:var(--awb-color3);--awb-icon-color:#ffffff;--awb-title-color:var(--awb-color5);--awb-content-color:#747474;--awb-icon-box-color:#b8d3b6;--awb-toggle-hover-accent-color:var(--awb-color7);--awb-toggle-active-accent-color:var(--awb-color5);--awb-title-font-family:var(--awb-typography4-font-family);--awb-title-font-weight:var(--awb-typography4-font-weight);--awb-title-font-style:var(--awb-typography4-font-style);--awb-title-font-size:var(--awb-typography4-font-size);--awb-title-letter-spacing:var(--awb-typography4-letter-spacing);--awb-title-line-height:var(--awb-typography4-line-height);--awb-content-font-family:&quot;Raleway&quot;;--awb-content-font-style:normal;--awb-content-font-weight:400;\"><div class=\"panel-group fusion-toggle-icon-boxed\" id=\"accordion-5172-2\"><div class=\"fusion-panel panel-default panel-a508c06124c5dac9a fusion-toggle-has-divider\" style=\"--awb-title-color:var(--awb-color5);\"><div class=\"panel-heading\"><h4 class=\"panel-title toggle\" id=\"toggle_a508c06124c5dac9a\"><a aria-expanded=\"false\" aria-controls=\"a508c06124c5dac9a\" role=\"button\" data-toggle=\"collapse\" data-parent=\"#accordion-5172-2\" data-target=\"#a508c06124c5dac9a\" href=\"#a508c06124c5dac9a\"><span class=\"fusion-toggle-icon-wrapper\" aria-hidden=\"true\"><i class=\"fa-fusion-box active-icon awb-icon-minus\" aria-hidden=\"true\"><\/i><i class=\"fa-fusion-box inactive-icon awb-icon-plus\" aria-hidden=\"true\"><\/i><\/span><span class=\"fusion-toggle-heading\">Aus der Arbeit des Schulelternbeirates<\/span><\/a><\/h4><\/div><div id=\"a508c06124c5dac9a\" class=\"panel-collapse collapse \" aria-labelledby=\"toggle_a508c06124c5dac9a\"><div class=\"panel-body toggle-content fusion-clearfix\">\n<p>Neben der Arbeit in den \u00fcblichen Gremien, wie z.B. dem Schulausschuss, dem Schulbuchausschuss, dem Freundeskreis und der Arbeitsgemeinschaft Katholische Schulen in Rheinland\/Pfalz, beteiligt sich der SEB auch an folgenden Aktivit\u00e4ten:<\/p>\n<ul>\n<li><strong>Infotag<\/strong><br \/>\nSeit vielen Jahren nimmt der SEB am Tag der offenen T\u00fcr (Orientierungstag der Grundsch\u00fcler) teil. SEB-Mitglieder stehen an einem Informationsstand oder nehmen an F\u00fchrungen durch das Schulgeb\u00e4ude teil und beantworten gerne die Fragen der Besucher oder geben eigene Erfahrungen aus Elternsicht weiter.<\/li>\n<li><strong>Ehemaligentreffen<\/strong><strong><br \/>\n<\/strong>J\u00e4hrlich im September unterst\u00fctzt der SEB den Freundeskreis bei der Organisation und Ausrichtung der Feier.<\/li>\n<li><strong>Schulfeste, Konzerte<\/strong><br \/>\nAm Sommerfest oder bei Konzerten bewirtet der SEB die Besucher an einem Stand mit einem Imbiss und Getr\u00e4nken. Der dabei erzielte Gewinn wird der Schule zur Verbesserung der Ausstattung oder f\u00fcr besondere W\u00fcnsche der Sch\u00fclerinnen gespendet.<\/li>\n<li><strong>Steuergruppe, Arbeitsgruppe<br \/>\nAusgehend von einer zentralen Steuergruppe, nehmen Mitglieder des SEB, gemeinsam mit Lehrkr\u00e4ften und Sch\u00fclerinnen, an verschiedenen Arbeitsgruppen teil, mit dem Ziel die Schulqualit\u00e4t in ganz unterschiedlichen Bereichen zu verbessern. So k\u00f6nnen die Eltern bei vielen Entwicklungsschritten und Entscheidungen mitgestalten.<\/strong><\/li>\n<\/ul>\n<p>Regelm\u00e4\u00dfige Sitzungen des SEB finden vier- bis f\u00fcnfmal im Jahr statt. Hierzu werden die jeweiligen Mitarbeitervertretungen ebenfalls eingeladen, um eine vertrauensvolle Zusammenarbeit aller am Schulleben Beteiligten zu f\u00f6rdern. Die Schulleitung informiert dabei \u00fcber aktuelle Themen und zuk\u00fcnftig geplante Vorhaben. Kritische Punkte werden diskutiert und gemeinsam nach guten L\u00f6sungen gesucht. Auch mit dem Schultr\u00e4ger steht der SEB in gutem Kontakt und ist in Entscheidungen eingebunden.<\/p>\n<p>Au\u00dferdem ist es Aufgabe des SEB, \u00fcber die Elternvertretungen der Klassen, Kontakt zu den Eltern zu halten und Informationen in beide Richtungen weiterzugeben.<\/p>\n<\/div><\/div><\/div><\/div><\/div><div class=\"accordian fusion-accordian\" style=\"--awb-border-size:1px;--awb-icon-size:13px;--awb-content-font-size:16px;--awb-icon-alignment:left;--awb-hover-color:#f9f9f9;--awb-border-color:var(--awb-color3);--awb-background-color:#ffffff;--awb-divider-color:var(--awb-color3);--awb-divider-hover-color:var(--awb-color3);--awb-icon-color:#ffffff;--awb-title-color:var(--awb-color5);--awb-content-color:#747474;--awb-icon-box-color:#b8d3b6;--awb-toggle-hover-accent-color:var(--awb-color7);--awb-toggle-active-accent-color:var(--awb-color5);--awb-title-font-family:var(--awb-typography4-font-family);--awb-title-font-weight:var(--awb-typography4-font-weight);--awb-title-font-style:var(--awb-typography4-font-style);--awb-title-font-size:var(--awb-typography4-font-size);--awb-title-letter-spacing:var(--awb-typography4-letter-spacing);--awb-title-line-height:var(--awb-typography4-line-height);--awb-content-font-family:&quot;Raleway&quot;;--awb-content-font-style:normal;--awb-content-font-weight:400;\"><div class=\"panel-group fusion-toggle-icon-boxed\" id=\"accordion-5172-3\"><div class=\"fusion-panel panel-default panel-b2658b37a1957203e fusion-toggle-has-divider\"><div class=\"panel-heading\"><h4 class=\"panel-title toggle\" id=\"toggle_b2658b37a1957203e\"><a aria-expanded=\"false\" aria-controls=\"b2658b37a1957203e\" role=\"button\" data-toggle=\"collapse\" data-parent=\"#accordion-5172-3\" data-target=\"#b2658b37a1957203e\" href=\"#b2658b37a1957203e\"><span class=\"fusion-toggle-icon-wrapper\" aria-hidden=\"true\"><i class=\"fa-fusion-box active-icon awb-icon-minus\" aria-hidden=\"true\"><\/i><i class=\"fa-fusion-box inactive-icon awb-icon-plus\" aria-hidden=\"true\"><\/i><\/span><span class=\"fusion-toggle-heading\">Formales<\/span><\/a><\/h4><\/div><div id=\"b2658b37a1957203e\" class=\"panel-collapse collapse \" aria-labelledby=\"toggle_b2658b37a1957203e\"><div class=\"panel-body toggle-content fusion-clearfix\">\n<h3>\u00a7 35 Schulelternbeirat<\/h3>\n<div id=\"c496\" class=\"csc-default\">\n<p>(1) Der Schulelternbeirat hat die Aufgabe, die Erziehungs- und Unterrichtsarbeit der Schule zu f\u00f6rdern und mit zu gestalten. Der Schulelternbeirat soll die Schule beraten, sie unterst\u00fctzen, ihr Anregungen geben und Vorschl\u00e4ge unterbreiten.<\/p>\n<p>(2) Der Schulelternbeirat vertritt die Eltern gegen\u00fcber der Schule, der Schulverwaltung und gegen\u00fcber der \u00d6ffentlichkeit. Er nimmt die Mitwirkungsrechte der Eltern wahr.<\/p>\n<p>(3) Der Schulleiter unterrichtet den Schulelternbeirat \u00fcber alle Angelegenheiten, die f\u00fcr das Schulleben von wesentlicher Bedeutung sind.<\/p>\n<p>(4) Der Schulelternbeirat ist anzuh\u00f6ren bei allen f\u00fcr die Schule wesentlichen Ma\u00dfnahmen, insbesondere bei Ver\u00e4nderungen des Schulgeb\u00e4udes, der schulischen Anlagen und Einrichtungen, der Einf\u00fchrung neuer Lern- und Arbeitsmittel, soweit nicht der Schulbuchausschuss zust\u00e4ndig ist, Antr\u00e4gen an den Schultr\u00e4ger mit Bezug auf den Haushaltsplan der Schule, der Einrichtung von freiwilligen Unterrichtsveranstaltungen (z. B. Arbeitsgemeinschaften), Fragen im Zusammenhang mit Regelungen der Sch\u00fclerbef\u00f6rderung, Regelungen zur Ausstattung der Schulbibliothek und der Sch\u00fclerb\u00fccherei, der Festlegung der beweglichen Ferientage.<\/p>\n<p>(5) Des Benehmens mit dem Schulelternbeirat bed\u00fcrfen<\/p>\n<ul>\n<li>die Erweiterung, Einschr\u00e4nkung oder Aufhebung der Schule,<\/li>\n<li>die Einbeziehung der Schule in einen Schulversuch,<\/li>\n<li>die Verleihung einer Bezeichnung oder \u00c4nderung der Bezeichnung der Schule,<\/li>\n<li>die Organisation von Unterricht und au\u00dferunterrichtlicher Betreuung in der Ganztagsschule,<\/li>\n<li>die Aufstellung von Grunds\u00e4tzen der Schule f\u00fcr die Durchf\u00fchrung au\u00dferunterrichtlicher schulischer Veranstaltungen,<\/li>\n<li>die Aufstellung von Grunds\u00e4tzen der Schule f\u00fcr die au\u00dferschulische Benutzung der\u00a0Schulgeb\u00e4ude und Schulanlagen,<\/li>\n<li>die Aufstellung von Grunds\u00e4tzen der Schule f\u00fcr den Unterrichtsausfall bei besonderen\u00a0klimatischen Bedingungen,<\/li>\n<li>die Aufstellung der Hausordnung.<\/li>\n<\/ul>\n<p>(6) Der Zustimmung des Schulelternbeirats bed\u00fcrfen folgende Ma\u00dfnahmen der Schule:<\/p>\n<ul>\n<li>Abweichungen von der Stundentafel, soweit sie in das Ermessen der einzelnen Schule gestellt sind, um fachliche oder p\u00e4dagogische Schwerpunkte zu setzen,<\/li>\n<li>Aufstellung von Grunds\u00e4tzen des unterrichtlichen Angebots,<\/li>\n<li>Aufstellung von Grunds\u00e4tzen \u00fcber den Umfang und die Verteilung von Hausaufgaben,<\/li>\n<li>Regelungen f\u00fcr die Teilnahme von Eltern am Unterricht des eigenen Kindes,<\/li>\n<li>Aufstellung von Grunds\u00e4tzen f\u00fcr die Durchf\u00fchrung von Schulfahrten,<\/li>\n<li>Einf\u00fchrung und Beendigung der F\u00fcnftagewoche und wesentliche \u00c4nderungen der Unterrichtszeit, soweit sie der einzelnen Schule \u00fcberlassen sind,<\/li>\n<li>Abschluss von Schulpartnerschaften und Aufstellung von Grunds\u00e4tzen f\u00fcr den Sch\u00fcleraustausch,<\/li>\n<li>grunds\u00e4tzliche Fragen der Berufsberatung, der Gesundheitspflege, der Ern\u00e4hrung und des Jugendschutzes in der Schule.<\/li>\n<\/ul>\n<p>Wird ein Einvernehmen nicht erreicht, so kann der Schulleiter oder der Schulelternbeirat die Entscheidung des Schulausschusses herbeif\u00fchren. Die Rechte der Schulaufsicht bleiben unber\u00fchrt.<\/p>\n<\/div>\n<div id=\"c495\" class=\"csc-default\">\n<div class=\"csc-header csc-header-n2\">\n<h3>\u00a7 35a Errichtung des Schulelternbeirats<\/h3>\n<\/div>\n<p>(1) Schulelternbeir\u00e4te werden an allen Schulen gebildet, soweit sie nicht ausschlie\u00dflich von vollj\u00e4hrigen Sch\u00fclern besucht werden. An Schulen, die \u00fcberwiegend von vollj\u00e4hrigen Sch\u00fclern besucht werden, kann von der Bildung eines Schulelternbeirats abgesehen werden. Bei einklassigen Schulen nimmt die Klassenelternversammlung die Aufgaben des Schulelternbeirats wahr. F\u00fcr organisatorisch verbundene Grund- und Hauptschulen soll ein gemein-samer Schulelternbeirat gebildet werden.<\/p>\n<p>(2) Dem Schulelternbeirat geh\u00f6ren mindestens drei und h\u00f6chstens 20 Mitglieder an. Die Mitglieder werden aus der Mitte der Eltern der Sch\u00fcler in einer Wahlversammlung gew\u00e4hlt.<\/p>\n<p>(3) Der Schulelternbeirat wird auf die Dauer von zwei Schuljahren gew\u00e4hlt. Er ist \u00fcber die Dauer seiner Wahlzeit hinaus bis zur Wahl eines neuen Schulelternbeirats t\u00e4tig.<\/p>\n<p>(4) Der Schulelternbeirat w\u00e4hlt f\u00fcr die Dauer seiner Amtszeit aus seiner Mitte den Schulelternsprecher. Der Schulelternsprecher vertritt den Schulelternbeirat gegen\u00fcber dem Schulleiter.<\/p>\n<p>(5) An den Sitzungen des Schulelternbeirats nimmt der Schulleiter teil. Vertreter der Schulbeh\u00f6rden k\u00f6nnen teilnehmen. Lehrer der Schule, die Klassenelternsprecher, die Klassensprecher, der Sch\u00fclersprecher und die Vorsitzenden von Klassensprecherversammlungen, Mitglieder des Schulausschusses und des Schultr\u00e4gerausschusses, Vertreter des Schultr\u00e4gers und sonstige sachverst\u00e4ndige Personen k\u00f6nnen eingeladen werden.<\/p>\n<p>(6) In einem Schulzentrum und einer Kooperativen Gesamtschule arbeiten die Schulelternbeir\u00e4te zur Erf\u00fcllung ihrer Aufgaben zusammen; bei Angelegenheiten, f\u00fcr die eine aufeinander abgestimmte L\u00f6sung geboten ist, k\u00f6nnen gemeinsame Arbeitsgruppen gebildet wer den.<\/p>\n<p>(7) Die Schulelternbeir\u00e4te k\u00f6nnen Arbeitsgemeinschaften bilden.<\/p>\n<\/div>\n<div id=\"c494\" class=\"csc-default\">\n<div class=\"csc-header csc-header-n3\">\n<h3>\u00a7 35b Vertretung ausl\u00e4ndischer Eltern im Schulelternbeirat<\/h3>\n<\/div>\n<p>Sind an einer Schule, bei der der Anteil ausl\u00e4ndischer minderj\u00e4hriger Sch\u00fcler an der Gesamtzahl der minderj\u00e4hrigen Sch\u00fcler mindestens zehn v.H. betr\u00e4gt, die Eltern ausl\u00e4ndischer minderj\u00e4hriger Sch\u00fcler nicht entsprechend ihrer Zahl im Schulelternbeirat vertreten (\u00a79 Abs.3 Schulwahlordnung), so k\u00f6nnen sie aus ihrer Mitte die entsprechende Anzahl zus\u00e4tzlicher Vertreter in den Schulelternbeirat hinzuw\u00e4hlen. Diese Vertreter geh\u00f6ren dem Schulelternbeirat mit beratender Stimme an.<\/p>\n<\/div>\n<div id=\"c849\" class=\"csc-default\">\n<div class=\"csc-header csc-header-n4\">\n<h3>Landeselternbeirat<\/h3>\n<\/div>\n<p>Auf der Seite des LEB findet man alle interessanten Links zu Rechstgrundlagen:<\/p>\n<p><a class=\"external-link-new-window\" href=\"http:\/\/leb.bildung-rp.de\/\" target=\"_blank\" rel=\"noopener noreferrer\">LEB<\/a><\/p>\n<\/div>\n<\/div><\/div><\/div><\/div><\/div><div class=\"fusion-clearfix\"><\/div><\/div><\/div><div class=\"fusion-layout-column fusion_builder_column fusion-builder-column-8 fusion_builder_column_1_6 1_6 fusion-one-sixth fusion-column-last\" style=\"--awb-bg-size:cover;width:16.666666666667%;width:calc(16.666666666667% - ( ( 4% + 4% ) * 0.16666666666667 ) );\"><div class=\"fusion-column-wrapper fusion-column-has-shadow fusion-flex-column-wrapper-legacy\"><div class=\"fusion-clearfix\"><\/div><\/div><\/div><\/div><\/div>\n","protected":false},"excerpt":{"rendered":"","protected":false},"author":1,"featured_media":0,"parent":0,"menu_order":0,"comment_status":"closed","ping_status":"closed","template":"","meta":{"footnotes":""},"categories":[],"tags":[],"class_list":["post-5172","page","type-page","status-publish","hentry"],"_links":{"self":[{"href":"https:\/\/sfgrs.de\/wordpress\/index.php\/wp-json\/wp\/v2\/pages\/5172","targetHints":{"allow":["GET"]}}],"collection":[{"href":"https:\/\/sfgrs.de\/wordpress\/index.php\/wp-json\/wp\/v2\/pages"}],"about":[{"href":"https:\/\/sfgrs.de\/wordpress\/index.php\/wp-json\/wp\/v2\/types\/page"}],"author":[{"embeddable":true,"href":"https:\/\/sfgrs.de\/wordpress\/index.php\/wp-json\/wp\/v2\/users\/1"}],"replies":[{"embeddable":true,"href":"https:\/\/sfgrs.de\/wordpress\/index.php\/wp-json\/wp\/v2\/comments?post=5172"}],"version-history":[{"count":10,"href":"https:\/\/sfgrs.de\/wordpress\/index.php\/wp-json\/wp\/v2\/pages\/5172\/revisions"}],"predecessor-version":[{"id":13095,"href":"https:\/\/sfgrs.de\/wordpress\/index.php\/wp-json\/wp\/v2\/pages\/5172\/revisions\/13095"}],"wp:attachment":[{"href":"https:\/\/sfgrs.de\/wordpress\/index.php\/wp-json\/wp\/v2\/media?parent=5172"}],"wp:term":[{"taxonomy":"category","embeddable":true,"href":"https:\/\/sfgrs.de\/wordpress\/index.php\/wp-json\/wp\/v2\/categories?post=5172"},{"taxonomy":"post_tag","embeddable":true,"href":"https:\/\/sfgrs.de\/wordpress\/index.php\/wp-json\/wp\/v2\/tags?post=5172"}],"curies":[{"name":"wp","href":"https:\/\/api.w.org\/{rel}","templated":true}]}}