{"id":6909,"date":"2021-11-11T08:21:36","date_gmt":"2021-11-11T07:21:36","guid":{"rendered":"https:\/\/www.sfgrs.de\/wordpress\/?page_id=6909"},"modified":"2024-04-04T16:00:41","modified_gmt":"2024-04-04T14:00:41","slug":"st-franziskus","status":"publish","type":"page","link":"https:\/\/sfgrs.de\/wordpress\/index.php\/st-franziskus\/","title":{"rendered":"St Franziskus"},"content":{"rendered":"<div class=\"fusion-fullwidth fullwidth-box fusion-builder-row-1 nonhundred-percent-fullwidth non-hundred-percent-height-scrolling\" style=\"--awb-border-radius-top-left:0px;--awb-border-radius-top-right:0px;--awb-border-radius-bottom-right:0px;--awb-border-radius-bottom-left:0px;--awb-flex-wrap:wrap;\" ><div class=\"fusion-builder-row fusion-row\"><div class=\"fusion-layout-column fusion_builder_column fusion-builder-column-0 fusion_builder_column_1_6 1_6 fusion-one-sixth fusion-column-first\" style=\"--awb-bg-size:cover;width:16.666666666667%;width:calc(16.666666666667% - ( ( 4% + 4% ) * 0.16666666666667 ) );margin-right: 4%;\"><div class=\"fusion-column-wrapper fusion-column-has-shadow fusion-flex-column-wrapper-legacy\"><div class=\"fusion-clearfix\"><\/div><\/div><\/div><div class=\"fusion-layout-column fusion_builder_column fusion-builder-column-1 fusion_builder_column_2_3 2_3 fusion-two-third\" style=\"--awb-bg-size:cover;--awb-margin-bottom:0px;width:66.666666666667%;width:calc(66.666666666667% - ( ( 4% + 4% ) * 0.66666666666667 ) );margin-right: 4%;\"><div class=\"fusion-column-wrapper fusion-flex-column-wrapper-legacy\"><div class=\"fusion-text fusion-text-1\"><h2 class=\"csc-firstHeader\">Sankt Franziskus &#8211; Ein Name als Programm<\/h2>\n<h3><img decoding=\"async\" class=\"alignright size-full wp-image-6912\" src=\"https:\/\/www.sfgrs.de\/wordpress\/wp-content\/uploads\/2021\/11\/Zweig2NotesImage3_01.gif\" alt=\"\" width=\"302\" height=\"212\" \/>Liebe zu den Armen<\/h3>\n<p>Der heilige Franziskus hat vor allem durch seine Liebe zur Armut, zur Demut und zu den Armen und\u00a0Ausgegrenzten\u00a0und seine daraus erwachsene\u00a0Erneuerung in der Kirche\u00a0eine gro\u00dfe Popularit\u00e4t erlangt.<\/p>\n<h3>Treue und konstruktive Kritik<\/h3>\n<p>Das Leben des Heiligen verlief zwischen der Treue zu wesentlichen und notwendigen Werten und dem kritischen Hinterfragen bestehender Strukturen, verbunden mit dem Wagnis, Neues auszuprobieren. Der Mensch und nicht dessen Leistung oder soziale Stellung standen f\u00fcr ihn im Mittelpunkt.<\/p>\n<h3>Niemanden besch\u00e4men<\/h3>\n<p>Welche Situation auch einer Begegnung zugrunde lag, Franziskus forderte seine Br\u00fcder auf und lebte auch selbst danach, niemals jemanden zu besch\u00e4men.<\/p>\n<h3>Ehrfurcht vor dem, was anderen heilig ist<\/h3>\n<p>Franziskus begegnete, mitten im Kreuzzug (also\u00a0im Krieg) dem muslimischenSultan (also dem Kriegsgegner) mit Respekt vor dessen Person und sprach mit ihm \u00fcber ihrer beider Glaube. Sie erwiesen darin einander Respekt und Ehrfurcht vor der \u00dcberzeugung des anderen. Sie trennten sich als Br\u00fcder im Geiste. Diese Begegnung zeigt noch zwei weitere Grundeinstellungen des Heiligen:<\/p>\n<h3>Die Lauterkeit der Absichten<\/h3>\n<p>Franziskus sprach mit dem\u00a0Sultan, mit dem Papst und mit allen Menschen ohne Hintergedanken. Seine Motive und Gedanken legte er offen vor.<\/p>\n<h3>Die Gewaltlosigkeit in Handeln und Sprechen<\/h3>\n<p>Franziskus kam ohne Waffen zum Sultan. Er war auch in seinen Worten gewaltlos. Im Gegensatz zu anderen Missionaren seiner Zeit beleidigte Franziskus die Muslime nicht, machte ihre Religion nicht l\u00e4cherlich und trat ihnen als gleichberechtigter Gespr\u00e4chspartner gegen\u00fcber.<\/p>\n<h3>Mann und Frau &#8211; nicht gleich, sondern ebenb\u00fcrtig<\/h3>\n<p>Das Leben als Pilger, das Franziskus f\u00fcr sich w\u00e4hlte, war f\u00fcr Frauen zu seiner Zeit undenkbar und gef\u00e4hrlich. Die heilige Klara suchte und fand ihren eigenen Weg, ihr Ideal zu leben;\u00a0selbstbestimmt einerseits,\u00a0verbunden mit dem heiligen Franziskus andererseits.<\/p>\n<h3>Geschwisterlichkeit mit der ganzen Sch\u00f6pfung<\/h3>\n<p>In seinem Sonnengesang besingt er die Geschwisterlichkeit mit allen Mitgesch\u00f6pfen, die er in seinem Leben auch \u00fcberzeugend und wirksam gelebt hat.<\/p>\n<h3>Den Geist des Gebetes nicht ausl\u00f6schen<\/h3>\n<p><img decoding=\"async\" class=\"alignright size-full wp-image-6911\" src=\"https:\/\/www.sfgrs.de\/wordpress\/wp-content\/uploads\/2021\/11\/Zweig2NotesImage4_01.gif\" alt=\"\" width=\"301\" height=\"213\" \/><\/p>\n<p>wie f\u00fcr den\u00a0heiligen Paulus in seinem Wort: &#8222;Liebe und dann tu, was Du willst&#8220;, war f\u00fcr Franziskus nichts unm\u00f6glich,\u00a0wenn es im Geist des Gebetes geschah. Die Liebe (die f\u00fcr Franziskus Gott selber ist)\u00a0ist das einzige Kriterium f\u00fcr sein Handeln.<\/p>\n<p>Unsere Schule tr\u00e4gt nicht nur seinen Namen. Sowohl Erziehungsinhalte wie auch Erziehungsstil unserer Schule werden vom hl. Franziskus und seinen Leitgedanken gepr\u00e4gt:<\/p>\n<h3>F\u00fcr uns gilt daher: Christliche Werte sind oberstes Prinzip unserer Erziehungsarbeit.<\/h3>\n<p>Wir bem\u00fchen uns, den Sch\u00fclerinnen einen im katholischen bzw. evangelischen Glauben wurzelnde, am christlichen Menschenbild orientierte Bildung und Erziehung zu vermitteln.<\/p>\n<h3>Solidarit\u00e4t mit den Armen<\/h3>\n<p><img decoding=\"async\" class=\"alignleft size-full wp-image-6913\" src=\"https:\/\/www.sfgrs.de\/wordpress\/wp-content\/uploads\/2021\/11\/Zweig2NotesImage5_01.gif\" alt=\"\" width=\"301\" height=\"227\" \/>Unsere Schule bem\u00fcht sich, Solidarit\u00e4t zu \u00fcben mit den Armen in aller Welt und sich gegebenenfalls politisch, auf jeden Fall aber sozial zu engagieren. Mit eigenen Aktionen wie z. B. der &#8222;<a class=\"internal-link\" title=\"\u00d6ffnet internen Link im aktuellen Fenster\" href=\"http:\/\/www3.st-franziskus.region-kl.de\/cms\/typo3\/index.php?id=321\">Sozialer Tag<\/a>&#8220; bei der unsere gro\u00dfen Sch\u00fclerinnen einen Tag arbeiten, oder an einem Hungermarsch teilnehmen,\u00a0unserem Schulfest, dem Verkauf von kleineren Gegenst\u00e4nden in der Adventszeit, musikalischen Auff\u00fchrungen, Teilnahme am Kulturmarkt,\u00a0Kleidersammlungen oder Kuchenverkauf versuchen wir, Projekte in der dritten Welt finanziell zu unterst\u00fctzen oder zur Linderung von Armut in unserer unmittelbaren Umgebung beizutragen.<\/p>\n<h3>Einsatz f\u00fcr Menschenrechte<\/h3>\n<p>Der Einsatz f\u00fcr Menschenrechte umfasst sowohl punktuelle Unterst\u00fctzung von ai-Aktionen, als auch Aktionen zur Weckung des Bewusstseins\u00a0f\u00fcr Ungerechtigkeit. Die Initiative f\u00fcr eine Demo gegen Rechtsradikalismus ging auf den Einsatz unserer SV zur\u00fcck.<\/p>\n<p>Solche Aktionen pr\u00e4gen den wechselseitigen Umgang wie auch die Atmosph\u00e4re in unserer Schule.<\/p>\n<h3><img decoding=\"async\" class=\"alignright size-full wp-image-6914\" src=\"https:\/\/www.sfgrs.de\/wordpress\/wp-content\/uploads\/2021\/11\/Zweig2NotesImage7_01.gif\" alt=\"\" width=\"301\" height=\"409\" \/>Selbstbewusste Frauen mit einem weiten Herzen<\/h3>\n<p>Wir f\u00fchlen uns den Prinzipien des hl. Franziskus, der Erhaltung des Alten, Bew\u00e4hrten und dem Prinzip der Erneuerung, der \u00d6ffnung f\u00fcr Neues verpflichtet, wobei wir ver\u00e4nderten gesellschaftlichen Anforderungen im Sinne unserer Zielvorstellungen begegnen wollen.<\/p>\n<h3>Sch\u00fclerinnen sch\u00e4tzen und f\u00f6rdern<\/h3>\n<p>Dem hl. Franziskus folgend sind wir bestrebt, die Sch\u00fclerinnen bei aller Verschiedenheit &#8211; in Pers\u00f6nlichkeit, Begabung und Talent &#8211;\u00a0gleicherma\u00dfen als Menschen zu sch\u00e4tzen und zu f\u00f6rdern.<\/p>\n<h3>\u00d6kumene<\/h3>\n<p>Wir nehmen Sch\u00fclerinnen katholischer und evangelischer Konfession auf, die bereit sind, an der besonderen Zielsetzung der Schule mitzuwirken. F\u00fcr alle Sch\u00fclerinnen ist die Teilnahme am Religionsunterricht verpflichtend. Die j\u00fcdische Gemeinde bietet ihren Mitgliedern einen eigenen (benoteten) Religionsunterricht, dessen Note kann die Note des konfessionellen Unterrichts unserer Schule in SI ersetzen.<\/p>\n<p><img decoding=\"async\" class=\"alignleft size-full wp-image-6915\" src=\"https:\/\/www.sfgrs.de\/wordpress\/wp-content\/uploads\/2021\/11\/Zweig2NotesImage8_01.gif\" alt=\"\" width=\"306\" height=\"351\" \/><\/p>\n<h3>Respekt vor Andersgl\u00e4ubigen<\/h3>\n<p>Sch\u00fclerinnen anderen Glaubens wollen wir in Respekt vor ihrer \u00dcberzeugung zu einer Ehrfurcht vor Gott erziehen. Wir sind deshalb st\u00e4ndig auf der Suche nach M\u00f6glichkeiten einer Erziehung auf einer religi\u00f6sen Basis, die auf deren Eigenst\u00e4ndigkeit im Glauben R\u00fccksicht nimmt, aber dennoch ein einheitliches christliches Weltbild in der gesamten Schulgemeinschaft f\u00f6rdert.<\/p>\n<p>Konfessionslose Sch\u00fclerinnen bzw. Sch\u00fclerinnen ohne Religionszugeh\u00f6rigkeit sind Ausnahmen an unserer Schule.<\/p>\n<\/div><div class=\"fusion-clearfix\"><\/div><\/div><\/div><div class=\"fusion-layout-column fusion_builder_column fusion-builder-column-2 fusion_builder_column_1_6 1_6 fusion-one-sixth fusion-column-last\" style=\"--awb-bg-size:cover;width:16.666666666667%;width:calc(16.666666666667% - ( ( 4% + 4% ) * 0.16666666666667 ) );\"><div class=\"fusion-column-wrapper fusion-column-has-shadow fusion-flex-column-wrapper-legacy\"><div class=\"fusion-clearfix\"><\/div><\/div><\/div><\/div><\/div>\n","protected":false},"excerpt":{"rendered":"","protected":false},"author":1,"featured_media":0,"parent":0,"menu_order":0,"comment_status":"closed","ping_status":"closed","template":"","meta":{"footnotes":""},"categories":[],"tags":[],"class_list":["post-6909","page","type-page","status-publish","hentry"],"_links":{"self":[{"href":"https:\/\/sfgrs.de\/wordpress\/index.php\/wp-json\/wp\/v2\/pages\/6909","targetHints":{"allow":["GET"]}}],"collection":[{"href":"https:\/\/sfgrs.de\/wordpress\/index.php\/wp-json\/wp\/v2\/pages"}],"about":[{"href":"https:\/\/sfgrs.de\/wordpress\/index.php\/wp-json\/wp\/v2\/types\/page"}],"author":[{"embeddable":true,"href":"https:\/\/sfgrs.de\/wordpress\/index.php\/wp-json\/wp\/v2\/users\/1"}],"replies":[{"embeddable":true,"href":"https:\/\/sfgrs.de\/wordpress\/index.php\/wp-json\/wp\/v2\/comments?post=6909"}],"version-history":[{"count":1,"href":"https:\/\/sfgrs.de\/wordpress\/index.php\/wp-json\/wp\/v2\/pages\/6909\/revisions"}],"predecessor-version":[{"id":8904,"href":"https:\/\/sfgrs.de\/wordpress\/index.php\/wp-json\/wp\/v2\/pages\/6909\/revisions\/8904"}],"wp:attachment":[{"href":"https:\/\/sfgrs.de\/wordpress\/index.php\/wp-json\/wp\/v2\/media?parent=6909"}],"wp:term":[{"taxonomy":"category","embeddable":true,"href":"https:\/\/sfgrs.de\/wordpress\/index.php\/wp-json\/wp\/v2\/categories?post=6909"},{"taxonomy":"post_tag","embeddable":true,"href":"https:\/\/sfgrs.de\/wordpress\/index.php\/wp-json\/wp\/v2\/tags?post=6909"}],"curies":[{"name":"wp","href":"https:\/\/api.w.org\/{rel}","templated":true}]}}